{"id":155,"date":"2019-07-29T15:49:04","date_gmt":"2019-07-29T15:49:04","guid":{"rendered":"http:\/\/www.tugrulevdenevenakliyat.com\/?page_id=155"},"modified":"2020-01-08T15:58:38","modified_gmt":"2020-01-08T15:58:38","slug":"tugrul-evden-eve-nakliyat","status":"publish","type":"page","link":"https:\/\/www.tugrulevdenevenakliyat.com\/index.php\/tugrul-evden-eve-nakliyat\/","title":{"rendered":"TU\u011eRUL EVDEN EVE NAKL\u0130YAT"},"content":{"rendered":"<div id=\"features-10\" class=\"features-16-card-bordered content-section content-section-spacing\" data-label=\"Features\" data-id=\"features-16-card-bordered\" data-export-id=\"features-16-card-bordered\" data-category=\"features\">\n<div class=\"gridContainer\">\n<div class=\"row text-center\">\n<div class=\"section-title-col\" data-type=\"column\">\n<h1 class=\"\">\u015eEH\u0130R \u0130\u00c7\u0130 NAKL\u0130YAT<\/h1>\n<\/div>\n<\/div>\n<div class=\"row spaced-cols\" data-type=\"row\">\n<div class=\"col-xs-12 col-sm-6 col-md-4\">\n<div class=\"card no-padding bordered y-move\"><a href=\"http:\/\/www.tugrulevdenevenakliyat.com\/evden%20eve%20nakliyat\" target=\"_self\" rel=\"noopener noreferrer\" data-cp-link=\"1\"><img decoding=\"async\" class=\"face\" title=\"cropped-66093117_686884378392045_479014760470282240_n.jpg\" src=\"http:\/\/www.tugrulevdenevenakliyat.com\/wp-content\/uploads\/2019\/07\/cropped-66093117_686884378392045_479014760470282240_n.jpg\" alt=\"\" \/><\/a><\/p>\n<div class=\"col-padding-small col-padding-small-xs description-container\" data-type=\"column\">\n<h4 class=\"font-500\">OF\u0130S TA\u015eIMA\u00c7ILIK<\/h4>\n<p class=\"\">TEM\u0130Z VE G\u00dcVENL\u0130 B\u0130R \u015eEK\u0130LDE TA\u015eIYIP KURMAK<\/p>\n<\/div>\n<div class=\"col-padding-small col-padding-small-xs read-more-container\" data-type=\"column\"><a class=\"read-more\" href=\"http:\/\/www.tugrulevdenevenakliyat.com\/\" target=\"_self\" rel=\"noopener noreferrer\" data-cp-link=\"1\">TU\u011eRUL NAKL\u0130YAT<\/a><\/div>\n<\/div>\n<\/div>\n<div class=\"col-xs-12 col-sm-6 col-md-4\">\n<div class=\"card no-padding bordered y-move\"><a href=\"http:\/\/www.tugrulevdenevenakliyat.com\/evden%20eve%20nakliyat\" target=\"_self\" rel=\"noopener noreferrer\" data-cp-link=\"1\"><img decoding=\"async\" class=\"face\" title=\"cropped-65958902_885993341754404_8396422821844090880_n.jpg\" src=\"http:\/\/www.tugrulevdenevenakliyat.com\/wp-content\/uploads\/2019\/07\/cropped-65958902_885993341754404_8396422821844090880_n.jpg\" alt=\"\" \/><\/a><\/p>\n<div class=\"col-padding-small col-padding-small-xs description-container\" data-type=\"column\">\n<h4 class=\"font-500\">TU\u011eRUL NAKL\u0130YAT<\/h4>\n<p class=\"\">\u015eEH\u0130RLER ARASI TA\u015eIMA\u00c7ILIK<br \/>\nS\u0130GORTALI VE T\u0130T\u0130ZB\u0130R \u015eEK\u0130LDE EVDEN EVE TA\u015eIMACILIK<\/p>\n<\/div>\n<div class=\"col-padding-small col-padding-small-xs read-more-container\" data-type=\"column\"><a class=\"read-more\" href=\"http:\/\/www.tugrulevdenevenakliyat.com\/\" target=\"_self\" rel=\"noopener noreferrer\" data-cp-link=\"1\">TU\u011eRUL NAKL\u0130YAT<\/a><\/div>\n<\/div>\n<\/div>\n<div class=\"col-xs-12 col-sm-6 col-md-4\">\n<div class=\"card no-padding bordered y-move\"><a href=\"http:\/\/www.tugrulevdenevenakliyat.com\/#evden%20eve%20nakliyat\" target=\"_self\" rel=\"noopener noreferrer\" data-cp-link=\"1\"><img decoding=\"async\" class=\"face\" title=\"cropped-66450116_677227166126876_5304410667850137600_n.jpg\" src=\"http:\/\/www.tugrulevdenevenakliyat.com\/wp-content\/uploads\/2019\/07\/cropped-66450116_677227166126876_5304410667850137600_n.jpg\" alt=\"\" \/><\/a><\/p>\n<div class=\"col-padding-small col-padding-small-xs description-container\" data-type=\"column\">\n<h4 class=\"font-500\">TU\u011eRUL NAKL\u0130YAT<\/h4>\n<p class=\"\">E\u015eYA DEPOLAMA<br \/>\nE\u015eYANIZI G\u00dcVENL\u0130 B\u0130R \u015eEK\u0130LDE DEPO ED\u0130YORUZ UYGUN F\u0130YATLARA<\/p>\n<\/div>\n<div class=\"col-padding-small col-padding-small-xs read-more-container\" data-type=\"column\"><a class=\"read-more\" href=\"http:\/\/www.tugrulevdenevenakliyat.com\/\" target=\"_self\" rel=\"noopener noreferrer\" data-cp-link=\"1\">TU\u011eRUL NAKL\u0130YAT<\/a><\/div>\n<\/div>\n<\/div>\n<\/div>\n<\/div>\n<\/div>\n<div id=\"content-14\" class=\"content-3 content-section content-section-spacing\" data-label=\"Content\" data-id=\"content-3\" data-export-id=\"content-3\" data-category=\"content\">\n<div>\n<div class=\"row middle-xs\">\n<div class=\"col-sm-7 full-col-left-padding full-col-right-padding\">\n<div class=\"row\">\n<div class=\"space-bottom-small content-title-col\" data-type=\"column\">\n<h2 class=\"\">BAYRAMPA\u015eA EVDEN EVE NAKL\u0130YAT<\/h2>\n<p class=\"\">Profosyonelli\u011fimiz ve titiz \u00e7al\u0131\u015fmam\u0131z ile b\u00fcrodan b\u00fcroya, ofisden ofise, evden eve nakliye i\u015flerinizi siz say\u0131n m\u00fc\u015fterilerimize sorun ve problem olmaktan \u00e7\u0131kar\u0131yoruz.Konu Bayrampa\u015fa evden eve nakliyat olunca akla gelen en profesyonel firma olmaktan \u00f6t\u00fcr\u00fc son derece gururluyuz.<\/p>\n<p><a class=\"link\" href=\"http:\/\/www.tugrulevdenevenakliyat.com\/\" target=\"_self\" rel=\"noopener noreferrer\" data-cp-link=\"1\">DAHA FAZLA<\/a><\/div>\n<\/div>\n<div class=\"row spaced-cols\" data-type=\"row\">\n<div class=\"col-xs-6\" data-type=\"column\"><\/div>\n<\/div>\n<\/div>\n<div class=\"col-sm-5 bg-image shadow-large-black revert-classes-holder\" data-bg=\"image\"><\/div>\n<\/div>\n<\/div>\n<\/div>\n<div id=\"portfolio-4\" class=\"portfolio-5 content-section content-section-spacing\" data-label=\"Portfolio\" data-id=\"portfolio--1\" data-export-id=\"portfolio-5\" data-category=\"portfolio\">\n<div class=\"gridContainer\">\n<div class=\"row text-center\">\n<div class=\"section-title-col\" data-type=\"column\">\n<h3>GALAER\u0130<\/h3>\n<\/div>\n<\/div>\n<div class=\"row space-bottom spaced-cols\" data-type=\"row\">\n<div class=\"col-xs-12 col-sm-4 text-center\">\n<div class=\"card no-padding bordered\">\n<div class=\"contentswap-effect contentswap-overlay\" data-hover-fx=\"portfolio-6\">\n<div class=\"initial-image\"><img decoding=\"async\" src=\"http:\/\/www.tugrulevdenevenakliyat.com\/wp-content\/uploads\/2019\/07\/cropped-62532137_380916562534096_4009218788175118336_n.jpg\" data-size=\"500x333\" \/><\/div>\n<div class=\"overlay bg-color6\"><\/div>\n<div class=\"swap-inner col-xs-12\">\n<div class=\"row full-height-row middle-xs middle-sm\">\n<div class=\"col-xs-12 text-center content-holder\"><a class=\"button small color2\" href=\"http:\/\/www.tugrulevdenevenakliyat.com\/#\" target=\"_self\" rel=\"noopener noreferrer\" data-cp-link=\"1\">DAHAFAZLA<\/a><\/div>\n<\/div>\n<\/div>\n<\/div>\n<div class=\"col-xs-12\">\n<div class=\"space-bottom space-top\" data-type=\"column\">\n<h5 class=\"\">SARIYER NAKL\u0130YAT<\/h5>\n<\/div>\n<\/div>\n<\/div>\n<\/div>\n<div class=\"col-xs-12 col-sm-4 text-center\">\n<div class=\"card no-padding bordered\">\n<div class=\"contentswap-effect contentswap-overlay\" data-hover-fx=\"portfolio-6\">\n<div class=\"initial-image\"><img decoding=\"async\" src=\"http:\/\/www.tugrulevdenevenakliyat.com\/wp-content\/uploads\/2019\/07\/cropped-52823001_2269330839975225_3272438567548223488_n.jpg\" data-size=\"500x333\" \/><\/div>\n<div class=\"overlay bg-color6\"><\/div>\n<div class=\"swap-inner col-xs-12\">\n<div class=\"row full-height-row middle-xs middle-sm\">\n<div class=\"col-xs-12 text-center content-holder\"><a class=\"button small color2\" href=\"http:\/\/www.tugrulevdenevenakliyat.com\/#\" target=\"_self\" rel=\"noopener noreferrer\" data-cp-link=\"1\">DAHAFAZLA<\/a><\/div>\n<\/div>\n<\/div>\n<\/div>\n<div class=\"col-xs-12\">\n<div class=\"space-bottom space-top\" data-type=\"column\">\n<h5 class=\"\">ORDU NAKL\u0130YAT<\/h5>\n<\/div>\n<\/div>\n<\/div>\n<\/div>\n<div class=\"col-xs-12 col-sm-4 text-center\">\n<div class=\"card no-padding bordered\">\n<div class=\"contentswap-effect contentswap-overlay\" data-hover-fx=\"portfolio-6\">\n<div class=\"initial-image\"><img decoding=\"async\" src=\"http:\/\/www.tugrulevdenevenakliyat.com\/wp-content\/plugins\/mesmerize-companion\/theme-data\/mesmerize\/sections\/images\/laptop-2559795.jpg\" data-size=\"500x333\" \/><\/div>\n<div class=\"overlay bg-color6\"><\/div>\n<div class=\"swap-inner col-xs-12\">\n<div class=\"row full-height-row middle-xs middle-sm\">\n<div class=\"col-xs-12 text-center content-holder\"><a class=\"button small color2\" href=\"http:\/\/www.tugrulevdenevenakliyat.com\/#\" target=\"_self\" rel=\"noopener noreferrer\" data-cp-link=\"1\">DAHAFAZLA<\/a><\/div>\n<\/div>\n<\/div>\n<\/div>\n<div class=\"col-xs-12\">\n<div class=\"space-bottom space-top\" data-type=\"column\">\n<h5 class=\"\">TRABZON NAKL\u0130YAT<\/h5>\n<\/div>\n<\/div>\n<\/div>\n<\/div>\n<\/div>\n<div class=\"row\">\n<div class=\"col-xs-12 text-center\" data-type=\"column\"><a class=\"button color2 y-move\" href=\"http:\/\/www.tugrulevdenevenakliyat.com\/#\" target=\"_self\" rel=\"noopener noreferrer\" data-cp-link=\"1\">DAHAFAZLA<\/a><\/div>\n<\/div>\n<\/div>\n<\/div>\n<div id=\"testimonials-5\" class=\"testimonials-5 content-section content-section-spacing\" data-label=\"Testimonials\" data-id=\"testimonials-5\" data-export-id=\"testimonials-5\" data-category=\"testimonials\">\n<div class=\"gridContainer\">\n<div class=\"row\">\n<div class=\"section-title-col\" data-type=\"column\">\n<h4 class=\"lead\">\u015eEH\u0130R \u0130\u00c7\u0130 VE \u015eEH\u0130RLER ARASI NAKL\u0130YAT<\/h4>\n<\/div>\n<\/div>\n<div class=\"row spaced-cols content-center-sm\" data-type=\"row\">\n<div class=\"col-sm-4\">\n<div class=\"card y-move bordered\" data-type=\"column\"><i class=\"fa fa-quote-right icon color1 small quotation-icon\"><\/i><\/p>\n<p class=\"text-center\">Nakliye mobilya montaj \u015fehir i\u00e7i ve \u015fehirler aras\u0131 nakliye montaj garantili sigortal\u0131 ta\u015f\u0131mac\u0131l\u0131k m\u00fc\u015fteri memnuniyeti \u00f6n planda olup siz sayg\u0131 de\u011fer m\u00fc\u015fterilerimizin hizmetindeyiz kaliteli asla tesad\u00fcf de\u011fildir.<\/p>\n<p><a class=\"link\" href=\"http:\/\/www.tugrulevdenevenakliyat.com\/\" target=\"_self\" rel=\"noopener noreferrer\" data-cp-link=\"1\">DAHA FAZLA<\/a><\/div>\n<\/div>\n<div class=\"col-sm-4\">\n<div class=\"card y-move bordered\" data-type=\"column\"><i class=\"fa fa-quote-right icon color1 small quotation-icon\"><\/i><\/p>\n<p class=\"text-center\">T\u00fcrkiye\u2019nin 81 ilinde, \u015fehir i\u00e7i evden eve veya ofisten ofise nakliyat gibi her t\u00fcrl\u00fc ta\u015f\u0131ma i\u015fleminizi kolayca ger\u00e7ekle\u015ftirmek i\u00e7in nakliyat firmalar\u0131n\u0131 bir arada toplayarak, dilemi\u015f oldu\u011funuz b\u00fct\u00fcn illerdeki nakliyat hizmetlerine kolayl\u0131kla ula\u015fman\u0131z\u0131 sa\u011fl\u0131yoruz.<\/p>\n<p><a class=\"link\" href=\"http:\/\/www.tugrulevdenevenakliyat.com\/\" target=\"_self\" rel=\"noopener noreferrer\" data-cp-link=\"1\">DAHA FAZLA<\/a><\/div>\n<\/div>\n<div class=\"col-sm-4\">\n<div class=\"card y-move bordered\" data-type=\"column\"><i class=\"fa fa-quote-right icon color1 small quotation-icon\"><\/i><\/p>\n<p class=\"text-center\">\u015fehir i\u00e7i evden eve veya ofisten ofise nakliyat gibi her t\u00fcrl\u00fc ta\u015f\u0131ma i\u015fleminizi kolayca ger\u00e7ekle\u015ftirmek i\u00e7in nakliyat firmalar\u0131n\u0131 bir arada toplayarak, dilemi\u015f oldu\u011funuz b\u00fct\u00fcn illerdeki nakliyat hizmetlerine kolayl\u0131kla ula\u015fman\u0131z\u0131 sa\u011fl\u0131yoruz.<\/p>\n<p><a class=\"link\" href=\"http:\/\/www.tugrulevdenevenakliyat.com\/\" target=\"_self\" rel=\"noopener noreferrer\" data-cp-link=\"1\">DAHA FAZLA<\/a><\/div>\n<\/div>\n<\/div>\n<\/div>\n<\/div>\n<div id=\"counters-2\" class=\"counters-2 content-section content-section-spacing\" data-label=\"Counters\" data-id=\"counters-2\" data-export-id=\"counters-2\" data-category=\"counters\">\n<div class=\"gridContainer\">\n<div class=\"row text-center\">\n<div class=\"section-title-col\" data-type=\"column\">\n<h5>H\u0130ZMETLER\u0130M\u0130Z<\/h5>\n<p class=\"lead\">\u00dc\u00e7retsiz Experiz Hizmeti<br \/>\nSi\u011fortal\u0131 Evden Eve Nakliyat<br \/>\n\u015eehiri\u00e7i Evden Eve Nakliyat<br \/>\n\u015eehirleri\u00e7i Evden Eve Nakliyat<br \/>\nPaketleme ve Ambalajlama<br \/>\nEvden Eve Ta\u015f\u0131mac\u0131l\u0131k<br \/>\nAsans\u00f6rl\u00fc Evden Eve Nakliyat<br \/>\nEvden Eve Nakliye<br \/>\nVilla Ta\u015f\u0131mac\u0131l\u0131k<br \/>\nOfis Ta\u015f\u0131mac\u0131l\u0131k<br \/>\n\u0130\u015fyeri Ta\u015f\u0131mac\u0131l\u0131k<br \/>\nFuar Ta\u015f\u0131mac\u0131l\u0131k<\/p>\n<\/div>\n<\/div>\n<\/div>\n<\/div>\n","protected":false},"excerpt":{"rendered":"<p>\u015eEH\u0130R \u0130\u00c7\u0130 NAKL\u0130YAT OF\u0130S TA\u015eIMA\u00c7ILIK TEM\u0130Z VE G\u00dcVENL\u0130 B\u0130R \u015eEK\u0130LDE TA\u015eIYIP KURMAK TU\u011eRUL NAKL\u0130YAT TU\u011eRUL NAKL\u0130YAT \u015eEH\u0130RLER ARASI TA\u015eIMA\u00c7ILIK S\u0130GORTALI VE T\u0130T\u0130ZB\u0130R \u015eEK\u0130LDE EVDEN EVE TA\u015eIMACILIK TU\u011eRUL NAKL\u0130YAT TU\u011eRUL NAKL\u0130YAT E\u015eYA DEPOLAMA E\u015eYANIZI G\u00dcVENL\u0130 B\u0130R \u015eEK\u0130LDE DEPO ED\u0130YORUZ UYGUN F\u0130YATLARA TU\u011eRUL NAKL\u0130YAT BAYRAMPA\u015eA EVDEN EVE NAKL\u0130YAT Profosyonelli\u011fimiz ve titiz \u00e7al\u0131\u015fmam\u0131z ile b\u00fcrodan b\u00fcroya, ofisden ofise,&hellip; <br \/> <a class=\"read-more\" href=\"https:\/\/www.tugrulevdenevenakliyat.com\/index.php\/tugrul-evden-eve-nakliyat\/\">Devam\u0131<\/a><\/p>\n","protected":false},"author":1,"featured_media":0,"parent":0,"menu_order":0,"comment_status":"closed","ping_status":"closed","template":"","meta":{"_bbp_topic_count":0,"_bbp_reply_count":0,"_bbp_total_topic_count":0,"_bbp_total_reply_count":0,"_bbp_voice_count":0,"_bbp_anonymous_reply_count":0,"_bbp_topic_count_hidden":0,"_bbp_reply_count_hidden":0,"_bbp_forum_subforum_count":0,"footnotes":""},"class_list":["post-155","page","type-page","status-publish","hentry"],"yoast_head":"<!-- This site is optimized with the Yoast SEO plugin v27.3 - https:\/\/yoast.com\/product\/yoast-seo-wordpress\/ -->\n<title>TU\u011eRUL EVDEN EVE NAKL\u0130YAT - Tu\u011frul Nakliyat<\/title>\n<meta name=\"robots\" content=\"index, follow, max-snippet:-1, max-image-preview:large, max-video-preview:-1\" \/>\n<link rel=\"canonical\" href=\"http:\/\/www.tugrulevdenevenakliyat.com\/index.php\/tugrul-evden-eve-nakliyat\/\" \/>\n<meta property=\"og:locale\" content=\"tr_TR\" \/>\n<meta property=\"og:type\" content=\"article\" \/>\n<meta property=\"og:title\" content=\"TU\u011eRUL EVDEN EVE NAKL\u0130YAT - Tu\u011frul Nakliyat\" \/>\n<meta property=\"og:description\" content=\"\u015eEH\u0130R \u0130\u00c7\u0130 NAKL\u0130YAT OF\u0130S TA\u015eIMA\u00c7ILIK TEM\u0130Z VE G\u00dcVENL\u0130 B\u0130R \u015eEK\u0130LDE TA\u015eIYIP KURMAK TU\u011eRUL NAKL\u0130YAT TU\u011eRUL NAKL\u0130YAT \u015eEH\u0130RLER ARASI TA\u015eIMA\u00c7ILIK S\u0130GORTALI VE T\u0130T\u0130ZB\u0130R \u015eEK\u0130LDE EVDEN EVE TA\u015eIMACILIK TU\u011eRUL NAKL\u0130YAT TU\u011eRUL NAKL\u0130YAT E\u015eYA DEPOLAMA E\u015eYANIZI G\u00dcVENL\u0130 B\u0130R \u015eEK\u0130LDE DEPO ED\u0130YORUZ UYGUN F\u0130YATLARA TU\u011eRUL NAKL\u0130YAT BAYRAMPA\u015eA EVDEN EVE NAKL\u0130YAT Profosyonelli\u011fimiz ve titiz \u00e7al\u0131\u015fmam\u0131z ile b\u00fcrodan b\u00fcroya, ofisden ofise,&hellip; Devam\u0131\" \/>\n<meta property=\"og:url\" content=\"http:\/\/www.tugrulevdenevenakliyat.com\/index.php\/tugrul-evden-eve-nakliyat\/\" \/>\n<meta property=\"og:site_name\" content=\"Tu\u011frul Nakliyat\" \/>\n<meta property=\"article:publisher\" content=\"https:\/\/www.facebook.com\/tugrul.can.39589149\" \/>\n<meta property=\"article:modified_time\" content=\"2020-01-08T15:58:38+00:00\" \/>\n<meta property=\"og:image\" content=\"http:\/\/www.tugrulevdenevenakliyat.com\/wp-content\/uploads\/2019\/07\/cropped-66093117_686884378392045_479014760470282240_n.jpg\" \/>\n<meta name=\"twitter:card\" content=\"summary_large_image\" \/>\n<meta name=\"twitter:site\" content=\"@TURGUT16176391\" \/>\n<meta name=\"twitter:label1\" content=\"Tahmini okuma s\u00fcresi\" \/>\n\t<meta name=\"twitter:data1\" content=\"2 dakika\" \/>\n<script type=\"application\/ld+json\" class=\"yoast-schema-graph\">{\"@context\":\"https:\\\/\\\/schema.org\",\"@graph\":[{\"@type\":\"WebPage\",\"@id\":\"http:\\\/\\\/www.tugrulevdenevenakliyat.com\\\/index.php\\\/tugrul-evden-eve-nakliyat\\\/\",\"url\":\"http:\\\/\\\/www.tugrulevdenevenakliyat.com\\\/index.php\\\/tugrul-evden-eve-nakliyat\\\/\",\"name\":\"TU\u011eRUL EVDEN EVE NAKL\u0130YAT - Tu\u011frul Nakliyat\",\"isPartOf\":{\"@id\":\"http:\\\/\\\/www.tugrulevdenevenakliyat.com\\\/#website\"},\"primaryImageOfPage\":{\"@id\":\"http:\\\/\\\/www.tugrulevdenevenakliyat.com\\\/index.php\\\/tugrul-evden-eve-nakliyat\\\/#primaryimage\"},\"image\":{\"@id\":\"http:\\\/\\\/www.tugrulevdenevenakliyat.com\\\/index.php\\\/tugrul-evden-eve-nakliyat\\\/#primaryimage\"},\"thumbnailUrl\":\"http:\\\/\\\/www.tugrulevdenevenakliyat.com\\\/wp-content\\\/uploads\\\/2019\\\/07\\\/cropped-66093117_686884378392045_479014760470282240_n.jpg\",\"datePublished\":\"2019-07-29T15:49:04+00:00\",\"dateModified\":\"2020-01-08T15:58:38+00:00\",\"breadcrumb\":{\"@id\":\"http:\\\/\\\/www.tugrulevdenevenakliyat.com\\\/index.php\\\/tugrul-evden-eve-nakliyat\\\/#breadcrumb\"},\"inLanguage\":\"tr\",\"potentialAction\":[{\"@type\":\"ReadAction\",\"target\":[\"http:\\\/\\\/www.tugrulevdenevenakliyat.com\\\/index.php\\\/tugrul-evden-eve-nakliyat\\\/\"]}]},{\"@type\":\"ImageObject\",\"inLanguage\":\"tr\",\"@id\":\"http:\\\/\\\/www.tugrulevdenevenakliyat.com\\\/index.php\\\/tugrul-evden-eve-nakliyat\\\/#primaryimage\",\"url\":\"https:\\\/\\\/www.tugrulevdenevenakliyat.com\\\/wp-content\\\/uploads\\\/2019\\\/07\\\/cropped-66093117_686884378392045_479014760470282240_n.jpg\",\"contentUrl\":\"https:\\\/\\\/www.tugrulevdenevenakliyat.com\\\/wp-content\\\/uploads\\\/2019\\\/07\\\/cropped-66093117_686884378392045_479014760470282240_n.jpg\",\"width\":707,\"height\":474},{\"@type\":\"BreadcrumbList\",\"@id\":\"http:\\\/\\\/www.tugrulevdenevenakliyat.com\\\/index.php\\\/tugrul-evden-eve-nakliyat\\\/#breadcrumb\",\"itemListElement\":[{\"@type\":\"ListItem\",\"position\":1,\"name\":\"Ana sayfa\",\"item\":\"http:\\\/\\\/www.tugrulevdenevenakliyat.com\\\/\"},{\"@type\":\"ListItem\",\"position\":2,\"name\":\"TU\u011eRUL EVDEN EVE NAKL\u0130YAT\"}]},{\"@type\":\"WebSite\",\"@id\":\"http:\\\/\\\/www.tugrulevdenevenakliyat.com\\\/#website\",\"url\":\"http:\\\/\\\/www.tugrulevdenevenakliyat.com\\\/\",\"name\":\"http:\\\/\\\/www.tugrulevdenevenakliyat.com\\\/\",\"description\":\"t&uuml;rkiye geneline evden eve nakliyat\",\"publisher\":{\"@id\":\"http:\\\/\\\/www.tugrulevdenevenakliyat.com\\\/#organization\"},\"potentialAction\":[{\"@type\":\"SearchAction\",\"target\":{\"@type\":\"EntryPoint\",\"urlTemplate\":\"http:\\\/\\\/www.tugrulevdenevenakliyat.com\\\/?s={search_term_string}\"},\"query-input\":{\"@type\":\"PropertyValueSpecification\",\"valueRequired\":true,\"valueName\":\"search_term_string\"}}],\"inLanguage\":\"tr\"},{\"@type\":\"Organization\",\"@id\":\"http:\\\/\\\/www.tugrulevdenevenakliyat.com\\\/#organization\",\"name\":\"tu\u011frulcan bak\u0131rc\u0131\",\"url\":\"http:\\\/\\\/www.tugrulevdenevenakliyat.com\\\/\",\"logo\":{\"@type\":\"ImageObject\",\"inLanguage\":\"tr\",\"@id\":\"http:\\\/\\\/www.tugrulevdenevenakliyat.com\\\/#\\\/schema\\\/logo\\\/image\\\/\",\"url\":\"http:\\\/\\\/www.tugrulevdenevenakliyat.com\\\/wp-content\\\/uploads\\\/2019\\\/12\\\/45249907_1056901127822562_5718244570844626944_n.jpg\",\"contentUrl\":\"http:\\\/\\\/www.tugrulevdenevenakliyat.com\\\/wp-content\\\/uploads\\\/2019\\\/12\\\/45249907_1056901127822562_5718244570844626944_n.jpg\",\"width\":720,\"height\":960,\"caption\":\"tu\u011frulcan bak\u0131rc\u0131\"},\"image\":{\"@id\":\"http:\\\/\\\/www.tugrulevdenevenakliyat.com\\\/#\\\/schema\\\/logo\\\/image\\\/\"},\"sameAs\":[\"https:\\\/\\\/www.facebook.com\\\/tugrul.can.39589149\",\"https:\\\/\\\/x.com\\\/TURGUT16176391\",\"https:\\\/\\\/intagram.com\\\/tugrulnakliyatt\",\"https:\\\/\\\/www.linkedin.com\\\/in\\\/salim-bakirci-9b838915b\\\/\",\"https:\\\/\\\/tr.pinterest.com\\\/bakrcturgut\\\/pins\\\/\"]}]}<\/script>\n<!-- \/ Yoast SEO plugin. -->","yoast_head_json":{"title":"TU\u011eRUL EVDEN EVE NAKL\u0130YAT - Tu\u011frul Nakliyat","robots":{"index":"index","follow":"follow","max-snippet":"max-snippet:-1","max-image-preview":"max-image-preview:large","max-video-preview":"max-video-preview:-1"},"canonical":"http:\/\/www.tugrulevdenevenakliyat.com\/index.php\/tugrul-evden-eve-nakliyat\/","og_locale":"tr_TR","og_type":"article","og_title":"TU\u011eRUL EVDEN EVE NAKL\u0130YAT - Tu\u011frul Nakliyat","og_description":"\u015eEH\u0130R \u0130\u00c7\u0130 NAKL\u0130YAT OF\u0130S TA\u015eIMA\u00c7ILIK TEM\u0130Z VE G\u00dcVENL\u0130 B\u0130R \u015eEK\u0130LDE TA\u015eIYIP KURMAK TU\u011eRUL NAKL\u0130YAT TU\u011eRUL NAKL\u0130YAT \u015eEH\u0130RLER ARASI TA\u015eIMA\u00c7ILIK S\u0130GORTALI VE T\u0130T\u0130ZB\u0130R \u015eEK\u0130LDE EVDEN EVE TA\u015eIMACILIK TU\u011eRUL NAKL\u0130YAT TU\u011eRUL NAKL\u0130YAT E\u015eYA DEPOLAMA E\u015eYANIZI G\u00dcVENL\u0130 B\u0130R \u015eEK\u0130LDE DEPO ED\u0130YORUZ UYGUN F\u0130YATLARA TU\u011eRUL NAKL\u0130YAT BAYRAMPA\u015eA EVDEN EVE NAKL\u0130YAT Profosyonelli\u011fimiz ve titiz \u00e7al\u0131\u015fmam\u0131z ile b\u00fcrodan b\u00fcroya, ofisden ofise,&hellip; Devam\u0131","og_url":"http:\/\/www.tugrulevdenevenakliyat.com\/index.php\/tugrul-evden-eve-nakliyat\/","og_site_name":"Tu\u011frul Nakliyat","article_publisher":"https:\/\/www.facebook.com\/tugrul.can.39589149","article_modified_time":"2020-01-08T15:58:38+00:00","og_image":[{"url":"http:\/\/www.tugrulevdenevenakliyat.com\/wp-content\/uploads\/2019\/07\/cropped-66093117_686884378392045_479014760470282240_n.jpg","type":"","width":"","height":""}],"twitter_card":"summary_large_image","twitter_site":"@TURGUT16176391","twitter_misc":{"Tahmini okuma s\u00fcresi":"2 dakika"},"schema":{"@context":"https:\/\/schema.org","@graph":[{"@type":"WebPage","@id":"http:\/\/www.tugrulevdenevenakliyat.com\/index.php\/tugrul-evden-eve-nakliyat\/","url":"http:\/\/www.tugrulevdenevenakliyat.com\/index.php\/tugrul-evden-eve-nakliyat\/","name":"TU\u011eRUL EVDEN EVE NAKL\u0130YAT - Tu\u011frul Nakliyat","isPartOf":{"@id":"http:\/\/www.tugrulevdenevenakliyat.com\/#website"},"primaryImageOfPage":{"@id":"http:\/\/www.tugrulevdenevenakliyat.com\/index.php\/tugrul-evden-eve-nakliyat\/#primaryimage"},"image":{"@id":"http:\/\/www.tugrulevdenevenakliyat.com\/index.php\/tugrul-evden-eve-nakliyat\/#primaryimage"},"thumbnailUrl":"http:\/\/www.tugrulevdenevenakliyat.com\/wp-content\/uploads\/2019\/07\/cropped-66093117_686884378392045_479014760470282240_n.jpg","datePublished":"2019-07-29T15:49:04+00:00","dateModified":"2020-01-08T15:58:38+00:00","breadcrumb":{"@id":"http:\/\/www.tugrulevdenevenakliyat.com\/index.php\/tugrul-evden-eve-nakliyat\/#breadcrumb"},"inLanguage":"tr","potentialAction":[{"@type":"ReadAction","target":["http:\/\/www.tugrulevdenevenakliyat.com\/index.php\/tugrul-evden-eve-nakliyat\/"]}]},{"@type":"ImageObject","inLanguage":"tr","@id":"http:\/\/www.tugrulevdenevenakliyat.com\/index.php\/tugrul-evden-eve-nakliyat\/#primaryimage","url":"https:\/\/www.tugrulevdenevenakliyat.com\/wp-content\/uploads\/2019\/07\/cropped-66093117_686884378392045_479014760470282240_n.jpg","contentUrl":"https:\/\/www.tugrulevdenevenakliyat.com\/wp-content\/uploads\/2019\/07\/cropped-66093117_686884378392045_479014760470282240_n.jpg","width":707,"height":474},{"@type":"BreadcrumbList","@id":"http:\/\/www.tugrulevdenevenakliyat.com\/index.php\/tugrul-evden-eve-nakliyat\/#breadcrumb","itemListElement":[{"@type":"ListItem","position":1,"name":"Ana sayfa","item":"http:\/\/www.tugrulevdenevenakliyat.com\/"},{"@type":"ListItem","position":2,"name":"TU\u011eRUL EVDEN EVE NAKL\u0130YAT"}]},{"@type":"WebSite","@id":"http:\/\/www.tugrulevdenevenakliyat.com\/#website","url":"http:\/\/www.tugrulevdenevenakliyat.com\/","name":"http:\/\/www.tugrulevdenevenakliyat.com\/","description":"t&uuml;rkiye geneline evden eve nakliyat","publisher":{"@id":"http:\/\/www.tugrulevdenevenakliyat.com\/#organization"},"potentialAction":[{"@type":"SearchAction","target":{"@type":"EntryPoint","urlTemplate":"http:\/\/www.tugrulevdenevenakliyat.com\/?s={search_term_string}"},"query-input":{"@type":"PropertyValueSpecification","valueRequired":true,"valueName":"search_term_string"}}],"inLanguage":"tr"},{"@type":"Organization","@id":"http:\/\/www.tugrulevdenevenakliyat.com\/#organization","name":"tu\u011frulcan bak\u0131rc\u0131","url":"http:\/\/www.tugrulevdenevenakliyat.com\/","logo":{"@type":"ImageObject","inLanguage":"tr","@id":"http:\/\/www.tugrulevdenevenakliyat.com\/#\/schema\/logo\/image\/","url":"http:\/\/www.tugrulevdenevenakliyat.com\/wp-content\/uploads\/2019\/12\/45249907_1056901127822562_5718244570844626944_n.jpg","contentUrl":"http:\/\/www.tugrulevdenevenakliyat.com\/wp-content\/uploads\/2019\/12\/45249907_1056901127822562_5718244570844626944_n.jpg","width":720,"height":960,"caption":"tu\u011frulcan bak\u0131rc\u0131"},"image":{"@id":"http:\/\/www.tugrulevdenevenakliyat.com\/#\/schema\/logo\/image\/"},"sameAs":["https:\/\/www.facebook.com\/tugrul.can.39589149","https:\/\/x.com\/TURGUT16176391","https:\/\/intagram.com\/tugrulnakliyatt","https:\/\/www.linkedin.com\/in\/salim-bakirci-9b838915b\/","https:\/\/tr.pinterest.com\/bakrcturgut\/pins\/"]}]}},"_links":{"self":[{"href":"https:\/\/www.tugrulevdenevenakliyat.com\/index.php\/wp-json\/wp\/v2\/pages\/155","targetHints":{"allow":["GET"]}}],"collection":[{"href":"https:\/\/www.tugrulevdenevenakliyat.com\/index.php\/wp-json\/wp\/v2\/pages"}],"about":[{"href":"https:\/\/www.tugrulevdenevenakliyat.com\/index.php\/wp-json\/wp\/v2\/types\/page"}],"author":[{"embeddable":true,"href":"https:\/\/www.tugrulevdenevenakliyat.com\/index.php\/wp-json\/wp\/v2\/users\/1"}],"replies":[{"embeddable":true,"href":"https:\/\/www.tugrulevdenevenakliyat.com\/index.php\/wp-json\/wp\/v2\/comments?post=155"}],"version-history":[{"count":3,"href":"https:\/\/www.tugrulevdenevenakliyat.com\/index.php\/wp-json\/wp\/v2\/pages\/155\/revisions"}],"predecessor-version":[{"id":742,"href":"https:\/\/www.tugrulevdenevenakliyat.com\/index.php\/wp-json\/wp\/v2\/pages\/155\/revisions\/742"}],"wp:attachment":[{"href":"https:\/\/www.tugrulevdenevenakliyat.com\/index.php\/wp-json\/wp\/v2\/media?parent=155"}],"curies":[{"name":"wp","href":"https:\/\/api.w.org\/{rel}","templated":true}]}}