{"id":194,"date":"2019-07-30T18:34:00","date_gmt":"2019-07-30T18:34:00","guid":{"rendered":"http:\/\/www.tugrulevdenevenakliyat.com\/?page_id=194"},"modified":"2019-12-28T13:04:45","modified_gmt":"2019-12-28T13:04:45","slug":"beyoglu-evden-eve-nakliyat","status":"publish","type":"page","link":"https:\/\/www.tugrulevdenevenakliyat.com\/index.php\/beyoglu-evden-eve-nakliyat\/","title":{"rendered":"Evden Eve Nakliyat beyo\u011flu"},"content":{"rendered":"\r\n<h1 style=\"text-align: center;\">Evden Eve Nakliyat beyo\u011flu<\/h1>\r\n<p style=\"text-align: center;\">Beyo\u011flu Evden Eve Nakliyat Firmam\u0131z Tu\u011frul Nakliyat\u2019a 0532 566 86 65<\/p>\r\n<p style=\"text-align: center;\">telefonla ula\u015ft\u0131\u011f\u0131n\u0131z zaman size en uygun, en cazip fiyat\u0131 vererek <a href=\"https:\/\/www.facebook.com\/nakliyatt52\/\">Evden Eve Nakliyat<\/a> hizmetlerimizin konforunu ve rahatl\u0131\u011f\u0131n\u0131 ya\u015fayabilmek i\u00e7in asans\u00f6rl\u00fc nakliye hizmeti sunmaktayiz.<\/p>\r\n\r\n\r\n\r\n<p style=\"text-align: center;\">BEYO\u011eLU EVDEN EVE NAKL\u0130YAT-BEYO\u011eLU NAKL\u0130YAT-BEYO\u011eLU V\u0130LLA TA\u015eIMACILIK-BEYO\u011eLU NAKL\u0130YEC\u0130-BEYO\u011eLU TA\u015eIMACILIK-BEYO\u011eLU TU\u011eRUL NAKL\u0130YAT-BEYO\u011eLU NAKL\u0130YE<\/p>\r\n<p style=\"text-align: center;\">\u015e\u0130RKET\u0130-BEYO\u011eLU NAKL\u0130YE S\u0130TES\u0130-BEYO\u011eLU NAKL\u0130YE \u0130LANLARI-BEYO\u011eLU NAKL\u0130YE F\u0130RMASI-BEYO\u011eLU TA\u015eITTIR- BEYO\u011eLU EV E\u015eYASI TA\u015eIMACILIK BEYO\u011eLU EV E\u015eYASI H\u0130ZMET\u0130-BEYO\u011eLU DEPOLAMA<a href=\"http:\/\/www.tugrulevdenevenakliyat.com\">&#8211;<\/a>BEYO\u011eLU PAKETLEME-<\/p>\r\n<h2 style=\"text-align: center;\">Beyo\u011flu evden eve Ta\u015f\u0131mac\u0131l\u0131k<\/h2>\r\n<p><img loading=\"lazy\" decoding=\"async\" width=\"300\" height=\"168\" class=\"size-full wp-image-558 aligncenter\" src=\"http:\/\/www.tugrulevdenevenakliyat.com\/wp-content\/uploads\/2019\/12\/indir.png\" alt=\"&quot;\" \/><\/p>\r\n\r\n\r\n\r\n\r\n\r\n<h3 class=\"has-text-align-center\" style=\"text-align: center;\">TU\u011eRUL Evden Eve Nakliyat<\/h3>\r\n<p class=\"has-text-align-center\" style=\"text-align: center;\">nakliyat beyo\u011flu\u00a0 \u00a0<strong>Asmal\u0131mescit\u00a0 \u00a0<\/strong> ta\u015f\u0131mac\u0131l\u0131k\u00a0 \u00a0<strong>Bedrettin <\/strong>\u00a0\u015firketi<br \/>\u00a0<strong>Bereketzade\u00a0 \u00a0<\/strong>evden eve nakliye firmas\u0131\u00a0 <strong>Bostan <\/strong>evden eve nakliye hizmeti \u00a0<strong>B\u00fclb\u00fcl <\/strong>evdeneve nakliye ta\u015f\u0131mac\u0131l\u0131k<br \/><strong>Camiikebir <\/strong>evden eve nakliyat fiyatlar\u0131\u00a0<strong>Cihangir <\/strong>evden eve nakliyec<strong>\u00c7atmamescit <\/strong>evden eve ev e\u015fyas\u0131 ta\u015f\u0131mac\u0131l\u0131k<br \/><strong>\u00c7ukur <\/strong>evden eve nakliyat \u00fc\u00e7retleri\u00a0<strong>Emekyemez <\/strong>evden eve nakliyat fiyatlar\u0131<strong>Evliya\u00e7elebi <\/strong>evden eve nakliyat<\/p>\r\n\r\n\r\n\r\n<p style=\"text-align: center;\">\u00a0<strong>TU\u011eRUL <\/strong>Evden Eve Nakliyat \u015firket\u00a0<strong>Firuza\u011fa <\/strong>evden eve nakliyeci\u00a0 \u00a0<strong>G\u00fcm\u00fc\u015fsuyu <\/strong>evden eve ta\u015f\u0131mac\u0131l\u0131k\u00a0<strong>Hac\u0131ahmet <\/strong>evden eve nakliyat hizmet<strong>Hac\u0131mimi <\/strong>evden eve nakliyat yapanlar\u00a0<strong>Hal\u0131c\u0131o\u011flu<\/strong> evde eve nakliyat sitesi<br \/><strong>H\u00fcseyina\u011fa <\/strong>evden eve hizmeti\u00a0<strong>\u0130stiklal Hac\u0131h\u00fcsrev <\/strong>nakliyat\u00a0<strong>Kad\u0131mehmetefendi<\/strong> nakliyat ta\u015f\u0131tt\u0131\u00a0<strong>Kalyoncukullu\u011fu<\/strong><\/p>\r\n<h4 style=\"text-align: center;\">evden eve hizmeti<\/h4>\r\n<p style=\"text-align: center;\"><strong>Kamerhatun <\/strong>evden eve nakliyat\u00a0 \u00a0<strong>Kaptanpa\u015fa <\/strong>evden eve ta\u015f\u0131tt\u0131r\u00a0 \u00a0 \u00a0<strong>Katipmustafa\u00e7elebi <\/strong>evden eve hizmeti\u00a0<strong>Ke\u00e7ecipiri <\/strong> nakliya\u00a0<strong>Kemanke\u015fkaramustafapa\u015fa <\/strong> nakliyat <br \/>\u00a0<strong>K\u0131l\u0131\u00e7alipa\u015fa <\/strong>ta\u015f\u0131tt\u0131r \u00a0<strong>Kocatepe <\/strong>armut nakliyat<strong>Kulaks\u0131z <\/strong>Armut nakliyeci<\/p>\r\n\r\n\r\n\r\n<p class=\"has-text-align-center\" style=\"text-align: center;\"><a href=\"http:\/\/www.tugrulevdenevenakliyat.com\">TU\u011eRUL Nakliyat<\/a><br \/><strong>\u00a0beyo\u011flu evden eve nakliyat\u00a0 K\u00fc\u00e7\u00fckpiyale <\/strong>evden eve nakliyat<strong>M\u00fceyyedzade<\/strong> evden eve nakliyat<br \/>\u00a0<strong>\u00d6meravni <\/strong>evden eve ta\u015f\u0131mac\u0131l\u0131k\u00a0 \u00a0<strong>\u00d6rnektepe <\/strong> evden eve hizmeti\u00a0<strong>Piripa\u015fa <\/strong> evden eve ta\u015famc\u0131l\u0131k\u00a0 \u00a0<strong>Piyalepa\u015fa<\/strong> evden eve nakliyat fiayatlar\u0131\u2022\u00a0<strong>P\u00fcrtela\u015fhasanefendi <\/strong> evden eve hizmet\u00a0<strong>Sururimehmetefendi <\/strong>evden eve nakliyat\u00a0<strong>S\u00fctl\u00fcce<\/strong> evden eve nakliyat\u00a0<strong>\u015eahkulu<\/strong> evden eve ta\u015f\u0131mac\u0131l\u0131k\u00a0<strong>\u015eehitmuhtar <\/strong>evden eve ta\u015f\u0131tt\u0131r<strong>Tomtom<\/strong> nakliyat <strong>Yahyakahya <\/strong>ta\u015f\u0131mac\u0131k\u00a0<strong>Yeni\u015fehir<\/strong> hizmeti\u00a0<\/p>\r\n<p style=\"text-align: center;\">\u015eehiri\u00e7i Evden Eve Nakliyat Fiyatlar\u0131m\u0131z<\/p>\r\n<p class=\"\" style=\"text-align: center;\">1+1 Daire Ta\u015f\u0131mas\u0131= 900-1200<br \/>2+1 Daire Ta\u015f\u0131mas\u0131=1200-1500<br \/>3+1 Daire Ta\u015f\u0131mas\u0131=1500-2000<br \/>4+1 Daire ve Villa Ta\u015f\u0131mas\u0131=2000-5000<\/p>\r\n<p style=\"text-align: center;\">Evden eve nakliyat hassasiyet,\u00f6zen ve titizlik\u00a0 gerektiren hizmettir.Evden eve nakliyat \u015firketimiz uzman kadromuz h\u0131zl\u0131 ve g\u00fcvenilir ta\u015f\u0131ma hizmeti veriyoruz.<br \/>Evden eve nakliyat olarak A\u2019dan Z\u2019ye Tu\u011frul nakliyat \u015firketimiz \u00fcstlenir.<\/p>\r\n<p style=\"text-align: center;\">Mobilya,beyaz e\u015fya,avize gibi e\u015fyalar\u0131 tek tek s\u00f6k\u00fcl\u00fcp ve paketlenip sonra \u00f6zenli bir \u015fekilde araca y\u00fcklenmesi ve daha sonra s\u00f6kt\u00fc\u011f\u00fcm\u00fcz t\u00fcm e\u015fyalar\u0131 ayni \u015fekilde montaj\u0131n\u0131 yap\u0131p yerine yerle\u015ftiriyoruz Tu\u011frul Nakliyat olarak .<\/p>\r\n","protected":false},"excerpt":{"rendered":"<p>Evden Eve Nakliyat beyo\u011flu Beyo\u011flu Evden Eve Nakliyat Firmam\u0131z Tu\u011frul Nakliyat\u2019a 0532 566 86 65 telefonla ula\u015ft\u0131\u011f\u0131n\u0131z zaman size en uygun, en cazip fiyat\u0131 vererek Evden Eve Nakliyat hizmetlerimizin konforunu ve rahatl\u0131\u011f\u0131n\u0131 ya\u015fayabilmek i\u00e7in asans\u00f6rl\u00fc nakliye hizmeti sunmaktayiz. BEYO\u011eLU EVDEN EVE NAKL\u0130YAT-BEYO\u011eLU NAKL\u0130YAT-BEYO\u011eLU V\u0130LLA TA\u015eIMACILIK-BEYO\u011eLU NAKL\u0130YEC\u0130-BEYO\u011eLU TA\u015eIMACILIK-BEYO\u011eLU TU\u011eRUL NAKL\u0130YAT-BEYO\u011eLU NAKL\u0130YE \u015e\u0130RKET\u0130-BEYO\u011eLU NAKL\u0130YE S\u0130TES\u0130-BEYO\u011eLU NAKL\u0130YE \u0130LANLARI-BEYO\u011eLU&hellip; <br \/> <a class=\"read-more\" href=\"https:\/\/www.tugrulevdenevenakliyat.com\/index.php\/beyoglu-evden-eve-nakliyat\/\">Devam\u0131<\/a><\/p>\n","protected":false},"author":1,"featured_media":460,"parent":0,"menu_order":0,"comment_status":"closed","ping_status":"closed","template":"","meta":{"_bbp_topic_count":0,"_bbp_reply_count":0,"_bbp_total_topic_count":0,"_bbp_total_reply_count":0,"_bbp_voice_count":0,"_bbp_anonymous_reply_count":0,"_bbp_topic_count_hidden":0,"_bbp_reply_count_hidden":0,"_bbp_forum_subforum_count":0,"footnotes":""},"class_list":["post-194","page","type-page","status-publish","has-post-thumbnail","hentry"],"yoast_head":"<!-- This site is optimized with the Yoast SEO plugin v27.3 - https:\/\/yoast.com\/product\/yoast-seo-wordpress\/ -->\n<title>Evden Eve Nakliyat beyo\u011flu - Tu\u011frul Nakliyat beyo\u011flu<\/title>\n<meta name=\"description\" content=\"Telefonla ula\u015ft\u0131\u011f\u0131n\u0131z zaman size en uygun, en cazip fiyat\u0131 vererek Evden Eve Nakliyat beyo\u011flu 7\/24 SAAT ULA\u015eAB\u0130L\u0130RS\u0130N\u0130Z B\u0130ZE 0532 566 86 65\" \/>\n<meta name=\"robots\" content=\"index, follow, max-snippet:-1, max-image-preview:large, max-video-preview:-1\" \/>\n<link rel=\"canonical\" href=\"http:\/\/www.tugrulevdenevenakliyat.com\/index.php\/beyoglu-evden-eve-nakliyat\/\" \/>\n<meta property=\"og:locale\" content=\"tr_TR\" \/>\n<meta property=\"og:type\" content=\"article\" \/>\n<meta property=\"og:title\" content=\"Evden Eve Nakliyat beyo\u011flu - Tu\u011frul Nakliyat beyo\u011flu\" \/>\n<meta property=\"og:description\" content=\"Telefonla ula\u015ft\u0131\u011f\u0131n\u0131z zaman size en uygun, en cazip fiyat\u0131 vererek Evden Eve Nakliyat beyo\u011flu 7\/24 SAAT ULA\u015eAB\u0130L\u0130RS\u0130N\u0130Z B\u0130ZE 0532 566 86 65\" \/>\n<meta property=\"og:url\" content=\"http:\/\/www.tugrulevdenevenakliyat.com\/index.php\/beyoglu-evden-eve-nakliyat\/\" \/>\n<meta property=\"og:site_name\" content=\"Tu\u011frul Nakliyat\" \/>\n<meta property=\"article:publisher\" content=\"https:\/\/www.facebook.com\/tugrul.can.39589149\" \/>\n<meta property=\"article:modified_time\" content=\"2019-12-28T13:04:45+00:00\" \/>\n<meta property=\"og:image\" content=\"http:\/\/www.tugrulevdenevenakliyat.com\/wp-content\/uploads\/2019\/10\/67194008_398664830753112_5639412018084577280_n.jpg\" \/>\n\t<meta property=\"og:image:width\" content=\"720\" \/>\n\t<meta property=\"og:image:height\" content=\"333\" \/>\n\t<meta property=\"og:image:type\" content=\"image\/jpeg\" \/>\n<meta name=\"twitter:card\" content=\"summary_large_image\" \/>\n<meta name=\"twitter:site\" content=\"@TURGUT16176391\" \/>\n<meta name=\"twitter:label1\" content=\"Tahmini okuma s\u00fcresi\" \/>\n\t<meta name=\"twitter:data1\" content=\"2 dakika\" \/>\n<script type=\"application\/ld+json\" class=\"yoast-schema-graph\">{\"@context\":\"https:\\\/\\\/schema.org\",\"@graph\":[{\"@type\":\"WebPage\",\"@id\":\"http:\\\/\\\/www.tugrulevdenevenakliyat.com\\\/index.php\\\/beyoglu-evden-eve-nakliyat\\\/\",\"url\":\"http:\\\/\\\/www.tugrulevdenevenakliyat.com\\\/index.php\\\/beyoglu-evden-eve-nakliyat\\\/\",\"name\":\"Evden Eve Nakliyat beyo\u011flu - Tu\u011frul Nakliyat beyo\u011flu\",\"isPartOf\":{\"@id\":\"http:\\\/\\\/www.tugrulevdenevenakliyat.com\\\/#website\"},\"primaryImageOfPage\":{\"@id\":\"http:\\\/\\\/www.tugrulevdenevenakliyat.com\\\/index.php\\\/beyoglu-evden-eve-nakliyat\\\/#primaryimage\"},\"image\":{\"@id\":\"http:\\\/\\\/www.tugrulevdenevenakliyat.com\\\/index.php\\\/beyoglu-evden-eve-nakliyat\\\/#primaryimage\"},\"thumbnailUrl\":\"https:\\\/\\\/www.tugrulevdenevenakliyat.com\\\/wp-content\\\/uploads\\\/2019\\\/10\\\/67194008_398664830753112_5639412018084577280_n.jpg\",\"datePublished\":\"2019-07-30T18:34:00+00:00\",\"dateModified\":\"2019-12-28T13:04:45+00:00\",\"description\":\"Telefonla ula\u015ft\u0131\u011f\u0131n\u0131z zaman size en uygun, en cazip fiyat\u0131 vererek Evden Eve Nakliyat beyo\u011flu 7\\\/24 SAAT ULA\u015eAB\u0130L\u0130RS\u0130N\u0130Z B\u0130ZE 0532 566 86 65\",\"breadcrumb\":{\"@id\":\"http:\\\/\\\/www.tugrulevdenevenakliyat.com\\\/index.php\\\/beyoglu-evden-eve-nakliyat\\\/#breadcrumb\"},\"inLanguage\":\"tr\",\"potentialAction\":[{\"@type\":\"ReadAction\",\"target\":[\"http:\\\/\\\/www.tugrulevdenevenakliyat.com\\\/index.php\\\/beyoglu-evden-eve-nakliyat\\\/\"]}]},{\"@type\":\"ImageObject\",\"inLanguage\":\"tr\",\"@id\":\"http:\\\/\\\/www.tugrulevdenevenakliyat.com\\\/index.php\\\/beyoglu-evden-eve-nakliyat\\\/#primaryimage\",\"url\":\"https:\\\/\\\/www.tugrulevdenevenakliyat.com\\\/wp-content\\\/uploads\\\/2019\\\/10\\\/67194008_398664830753112_5639412018084577280_n.jpg\",\"contentUrl\":\"https:\\\/\\\/www.tugrulevdenevenakliyat.com\\\/wp-content\\\/uploads\\\/2019\\\/10\\\/67194008_398664830753112_5639412018084577280_n.jpg\",\"width\":720,\"height\":333,\"caption\":\"yenibosna evden eve nakliyat\"},{\"@type\":\"BreadcrumbList\",\"@id\":\"http:\\\/\\\/www.tugrulevdenevenakliyat.com\\\/index.php\\\/beyoglu-evden-eve-nakliyat\\\/#breadcrumb\",\"itemListElement\":[{\"@type\":\"ListItem\",\"position\":1,\"name\":\"Ana sayfa\",\"item\":\"http:\\\/\\\/www.tugrulevdenevenakliyat.com\\\/\"},{\"@type\":\"ListItem\",\"position\":2,\"name\":\"Evden Eve Nakliyat beyo\u011flu\"}]},{\"@type\":\"WebSite\",\"@id\":\"http:\\\/\\\/www.tugrulevdenevenakliyat.com\\\/#website\",\"url\":\"http:\\\/\\\/www.tugrulevdenevenakliyat.com\\\/\",\"name\":\"http:\\\/\\\/www.tugrulevdenevenakliyat.com\\\/\",\"description\":\"t&uuml;rkiye geneline evden eve nakliyat\",\"publisher\":{\"@id\":\"http:\\\/\\\/www.tugrulevdenevenakliyat.com\\\/#organization\"},\"potentialAction\":[{\"@type\":\"SearchAction\",\"target\":{\"@type\":\"EntryPoint\",\"urlTemplate\":\"http:\\\/\\\/www.tugrulevdenevenakliyat.com\\\/?s={search_term_string}\"},\"query-input\":{\"@type\":\"PropertyValueSpecification\",\"valueRequired\":true,\"valueName\":\"search_term_string\"}}],\"inLanguage\":\"tr\"},{\"@type\":\"Organization\",\"@id\":\"http:\\\/\\\/www.tugrulevdenevenakliyat.com\\\/#organization\",\"name\":\"tu\u011frulcan bak\u0131rc\u0131\",\"url\":\"http:\\\/\\\/www.tugrulevdenevenakliyat.com\\\/\",\"logo\":{\"@type\":\"ImageObject\",\"inLanguage\":\"tr\",\"@id\":\"http:\\\/\\\/www.tugrulevdenevenakliyat.com\\\/#\\\/schema\\\/logo\\\/image\\\/\",\"url\":\"http:\\\/\\\/www.tugrulevdenevenakliyat.com\\\/wp-content\\\/uploads\\\/2019\\\/12\\\/45249907_1056901127822562_5718244570844626944_n.jpg\",\"contentUrl\":\"http:\\\/\\\/www.tugrulevdenevenakliyat.com\\\/wp-content\\\/uploads\\\/2019\\\/12\\\/45249907_1056901127822562_5718244570844626944_n.jpg\",\"width\":720,\"height\":960,\"caption\":\"tu\u011frulcan bak\u0131rc\u0131\"},\"image\":{\"@id\":\"http:\\\/\\\/www.tugrulevdenevenakliyat.com\\\/#\\\/schema\\\/logo\\\/image\\\/\"},\"sameAs\":[\"https:\\\/\\\/www.facebook.com\\\/tugrul.can.39589149\",\"https:\\\/\\\/x.com\\\/TURGUT16176391\",\"https:\\\/\\\/intagram.com\\\/tugrulnakliyatt\",\"https:\\\/\\\/www.linkedin.com\\\/in\\\/salim-bakirci-9b838915b\\\/\",\"https:\\\/\\\/tr.pinterest.com\\\/bakrcturgut\\\/pins\\\/\"]}]}<\/script>\n<!-- \/ Yoast SEO plugin. -->","yoast_head_json":{"title":"Evden Eve Nakliyat beyo\u011flu - Tu\u011frul Nakliyat beyo\u011flu","description":"Telefonla ula\u015ft\u0131\u011f\u0131n\u0131z zaman size en uygun, en cazip fiyat\u0131 vererek Evden Eve Nakliyat beyo\u011flu 7\/24 SAAT ULA\u015eAB\u0130L\u0130RS\u0130N\u0130Z B\u0130ZE 0532 566 86 65","robots":{"index":"index","follow":"follow","max-snippet":"max-snippet:-1","max-image-preview":"max-image-preview:large","max-video-preview":"max-video-preview:-1"},"canonical":"http:\/\/www.tugrulevdenevenakliyat.com\/index.php\/beyoglu-evden-eve-nakliyat\/","og_locale":"tr_TR","og_type":"article","og_title":"Evden Eve Nakliyat beyo\u011flu - Tu\u011frul Nakliyat beyo\u011flu","og_description":"Telefonla ula\u015ft\u0131\u011f\u0131n\u0131z zaman size en uygun, en cazip fiyat\u0131 vererek Evden Eve Nakliyat beyo\u011flu 7\/24 SAAT ULA\u015eAB\u0130L\u0130RS\u0130N\u0130Z B\u0130ZE 0532 566 86 65","og_url":"http:\/\/www.tugrulevdenevenakliyat.com\/index.php\/beyoglu-evden-eve-nakliyat\/","og_site_name":"Tu\u011frul Nakliyat","article_publisher":"https:\/\/www.facebook.com\/tugrul.can.39589149","article_modified_time":"2019-12-28T13:04:45+00:00","og_image":[{"width":720,"height":333,"url":"http:\/\/www.tugrulevdenevenakliyat.com\/wp-content\/uploads\/2019\/10\/67194008_398664830753112_5639412018084577280_n.jpg","type":"image\/jpeg"}],"twitter_card":"summary_large_image","twitter_site":"@TURGUT16176391","twitter_misc":{"Tahmini okuma s\u00fcresi":"2 dakika"},"schema":{"@context":"https:\/\/schema.org","@graph":[{"@type":"WebPage","@id":"http:\/\/www.tugrulevdenevenakliyat.com\/index.php\/beyoglu-evden-eve-nakliyat\/","url":"http:\/\/www.tugrulevdenevenakliyat.com\/index.php\/beyoglu-evden-eve-nakliyat\/","name":"Evden Eve Nakliyat beyo\u011flu - Tu\u011frul Nakliyat beyo\u011flu","isPartOf":{"@id":"http:\/\/www.tugrulevdenevenakliyat.com\/#website"},"primaryImageOfPage":{"@id":"http:\/\/www.tugrulevdenevenakliyat.com\/index.php\/beyoglu-evden-eve-nakliyat\/#primaryimage"},"image":{"@id":"http:\/\/www.tugrulevdenevenakliyat.com\/index.php\/beyoglu-evden-eve-nakliyat\/#primaryimage"},"thumbnailUrl":"https:\/\/www.tugrulevdenevenakliyat.com\/wp-content\/uploads\/2019\/10\/67194008_398664830753112_5639412018084577280_n.jpg","datePublished":"2019-07-30T18:34:00+00:00","dateModified":"2019-12-28T13:04:45+00:00","description":"Telefonla ula\u015ft\u0131\u011f\u0131n\u0131z zaman size en uygun, en cazip fiyat\u0131 vererek Evden Eve Nakliyat beyo\u011flu 7\/24 SAAT ULA\u015eAB\u0130L\u0130RS\u0130N\u0130Z B\u0130ZE 0532 566 86 65","breadcrumb":{"@id":"http:\/\/www.tugrulevdenevenakliyat.com\/index.php\/beyoglu-evden-eve-nakliyat\/#breadcrumb"},"inLanguage":"tr","potentialAction":[{"@type":"ReadAction","target":["http:\/\/www.tugrulevdenevenakliyat.com\/index.php\/beyoglu-evden-eve-nakliyat\/"]}]},{"@type":"ImageObject","inLanguage":"tr","@id":"http:\/\/www.tugrulevdenevenakliyat.com\/index.php\/beyoglu-evden-eve-nakliyat\/#primaryimage","url":"https:\/\/www.tugrulevdenevenakliyat.com\/wp-content\/uploads\/2019\/10\/67194008_398664830753112_5639412018084577280_n.jpg","contentUrl":"https:\/\/www.tugrulevdenevenakliyat.com\/wp-content\/uploads\/2019\/10\/67194008_398664830753112_5639412018084577280_n.jpg","width":720,"height":333,"caption":"yenibosna evden eve nakliyat"},{"@type":"BreadcrumbList","@id":"http:\/\/www.tugrulevdenevenakliyat.com\/index.php\/beyoglu-evden-eve-nakliyat\/#breadcrumb","itemListElement":[{"@type":"ListItem","position":1,"name":"Ana sayfa","item":"http:\/\/www.tugrulevdenevenakliyat.com\/"},{"@type":"ListItem","position":2,"name":"Evden Eve Nakliyat beyo\u011flu"}]},{"@type":"WebSite","@id":"http:\/\/www.tugrulevdenevenakliyat.com\/#website","url":"http:\/\/www.tugrulevdenevenakliyat.com\/","name":"http:\/\/www.tugrulevdenevenakliyat.com\/","description":"t&uuml;rkiye geneline evden eve nakliyat","publisher":{"@id":"http:\/\/www.tugrulevdenevenakliyat.com\/#organization"},"potentialAction":[{"@type":"SearchAction","target":{"@type":"EntryPoint","urlTemplate":"http:\/\/www.tugrulevdenevenakliyat.com\/?s={search_term_string}"},"query-input":{"@type":"PropertyValueSpecification","valueRequired":true,"valueName":"search_term_string"}}],"inLanguage":"tr"},{"@type":"Organization","@id":"http:\/\/www.tugrulevdenevenakliyat.com\/#organization","name":"tu\u011frulcan bak\u0131rc\u0131","url":"http:\/\/www.tugrulevdenevenakliyat.com\/","logo":{"@type":"ImageObject","inLanguage":"tr","@id":"http:\/\/www.tugrulevdenevenakliyat.com\/#\/schema\/logo\/image\/","url":"http:\/\/www.tugrulevdenevenakliyat.com\/wp-content\/uploads\/2019\/12\/45249907_1056901127822562_5718244570844626944_n.jpg","contentUrl":"http:\/\/www.tugrulevdenevenakliyat.com\/wp-content\/uploads\/2019\/12\/45249907_1056901127822562_5718244570844626944_n.jpg","width":720,"height":960,"caption":"tu\u011frulcan bak\u0131rc\u0131"},"image":{"@id":"http:\/\/www.tugrulevdenevenakliyat.com\/#\/schema\/logo\/image\/"},"sameAs":["https:\/\/www.facebook.com\/tugrul.can.39589149","https:\/\/x.com\/TURGUT16176391","https:\/\/intagram.com\/tugrulnakliyatt","https:\/\/www.linkedin.com\/in\/salim-bakirci-9b838915b\/","https:\/\/tr.pinterest.com\/bakrcturgut\/pins\/"]}]}},"_links":{"self":[{"href":"https:\/\/www.tugrulevdenevenakliyat.com\/index.php\/wp-json\/wp\/v2\/pages\/194","targetHints":{"allow":["GET"]}}],"collection":[{"href":"https:\/\/www.tugrulevdenevenakliyat.com\/index.php\/wp-json\/wp\/v2\/pages"}],"about":[{"href":"https:\/\/www.tugrulevdenevenakliyat.com\/index.php\/wp-json\/wp\/v2\/types\/page"}],"author":[{"embeddable":true,"href":"https:\/\/www.tugrulevdenevenakliyat.com\/index.php\/wp-json\/wp\/v2\/users\/1"}],"replies":[{"embeddable":true,"href":"https:\/\/www.tugrulevdenevenakliyat.com\/index.php\/wp-json\/wp\/v2\/comments?post=194"}],"version-history":[{"count":6,"href":"https:\/\/www.tugrulevdenevenakliyat.com\/index.php\/wp-json\/wp\/v2\/pages\/194\/revisions"}],"predecessor-version":[{"id":652,"href":"https:\/\/www.tugrulevdenevenakliyat.com\/index.php\/wp-json\/wp\/v2\/pages\/194\/revisions\/652"}],"wp:featuredmedia":[{"embeddable":true,"href":"https:\/\/www.tugrulevdenevenakliyat.com\/index.php\/wp-json\/wp\/v2\/media\/460"}],"wp:attachment":[{"href":"https:\/\/www.tugrulevdenevenakliyat.com\/index.php\/wp-json\/wp\/v2\/media?parent=194"}],"curies":[{"name":"wp","href":"https:\/\/api.w.org\/{rel}","templated":true}]}}