{"id":243,"date":"2019-08-01T16:44:41","date_gmt":"2019-08-01T16:44:41","guid":{"rendered":"http:\/\/www.tugrulevdenevenakliyat.com\/?page_id=243"},"modified":"2019-12-29T17:11:51","modified_gmt":"2019-12-29T17:11:51","slug":"umraniye-evden-eve-nakliyat","status":"publish","type":"page","link":"https:\/\/www.tugrulevdenevenakliyat.com\/index.php\/umraniye-evden-eve-nakliyat\/","title":{"rendered":"\u00dcMRAN\u0130YE EVDEN EVE NAKL\u0130YAT"},"content":{"rendered":"\r\n\r\n\r\n<h1 style=\"text-align: center;\">\u00fcmraniye evden eve nakliyat<\/h1>\r\n<p style=\"text-align: center;\">\u00fcmraniye evden eve nakliyat (0532) 566 86 65<\/p>\r\n<p style=\"text-align: center;\">M\u00fc\u015fteri memnuniyetinden sorumluluk ta\u015f\u0131d\u0131m\u0131z i\u00e7in bu i\u015fi ge\u00e7i\u00e7i de\u011fil kal\u0131c\u0131 d\u00fc\u015f\u00fcnd\u00fcm\u00fcz i\u00e7in verdimiz s\u00f6z konu\u015fdugumuz<\/p>\r\n<p style=\"text-align: center;\">kelimeyi yeride gedirmekden memnunuz nakliyat olarak<\/p>\r\n<p style=\"text-align: center;\">m\u00fc\u015fterilerimizle s\u00f6zle\u015fme yap\u0131p konu\u015fdugumuz saatde ve yap\u0131lan i\u015f\u00e7ilik hakk\u0131nda \u00f6n bilgi verip mobilya ve koltuk tak\u0131m\u0131 , yatak odas\u0131n\u0131 ,cocuk odan\u0131z\u0131, yemek odan\u0131z\u0131 ve duvar \u00fcnitesi fortmanto s\u00f6k\u00fcp ampalaj\u0131 yap\u0131l\u0131r beyaz e\u015fyalar\u0131n\u0131z\u0131da s\u00f6k\u00fcp ambalaj\u0131n\u0131z\u0131da yap\u0131p gideceyi yere g\u00f6t\u00fcr\u00fcp ta\u015f\u0131p montaj\u0131n\u0131 yap\u0131p tertemiz bir \u015fekilde yap\u0131p siz de\u011ferli m\u00fc\u015fterilerimize teslim etmekdir.<\/p>\r\n<p><img loading=\"lazy\" decoding=\"async\" class=\"wp-image-49 size-medium aligncenter\" src=\"http:\/\/www.tugrulevdenevenakliyat.com\/wp-content\/uploads\/2019\/07\/66687019_370744200293193_8628699901661806592_n-300x221.jpg\" alt=\"\u00fcmraniye evden eve nakliyat \" width=\"300\" height=\"221\" srcset=\"https:\/\/www.tugrulevdenevenakliyat.com\/wp-content\/uploads\/2019\/07\/66687019_370744200293193_8628699901661806592_n-300x221.jpg 300w, https:\/\/www.tugrulevdenevenakliyat.com\/wp-content\/uploads\/2019\/07\/66687019_370744200293193_8628699901661806592_n.jpg 716w\" sizes=\"auto, (max-width: 300px) 100vw, 300px\" \/><\/p>\r\n<p style=\"text-align: center;\">\u00fcmraniye evden eve nakliyat<\/p>\r\n<h2 style=\"text-align: center;\">evden eve \u00fcmraniye nakliyat<\/h2>\r\n<p style=\"text-align: center;\">Evden eve nakliyat hassasiyet,\u00f6zen ve titizlik\u00a0 gerektiren hizmettir.Evden eve nakliyat \u015firketimiz uzman kadromuz h\u0131zl\u0131 ve g\u00fcvenilir ta\u015f\u0131ma hizmeti veriyoruz.<br \/>Evden eveTu\u011frul nakliyat olarak A\u2019dan Z\u2019ye Tu\u011frul nakliyat \u015firketimiz \u00fcstlenir.<\/p>\r\n<p style=\"text-align: center;\">Mobilya,beyaz e\u015fya,avize gibi e\u015fyalar\u0131 tek tek s\u00f6k\u00fcl\u00fcp ve paketlenip sonra \u00f6zenli bir \u015fekilde araca y\u00fcklenmesi ve daha sonra s\u00f6kt\u00fc\u011f\u00fcm\u00fcz t\u00fcm e\u015fyalar\u0131 ayni \u015fekilde montaj\u0131n\u0131 yap\u0131p yerine yerle\u015ftiriyoruz Tu\u011frul Nakliyat olarak .<\/p>\r\n<p style=\"text-align: center;\">Nakliye mobilya montaj \u015fehir i\u00e7i ve \u015fehirler aras\u0131 nakliye montaj garantili sigortal\u0131 ta\u015f\u0131mac\u0131l\u0131k m\u00fc\u015fteri memnuniyeti \u00f6n planda olup siz sayg\u0131 de\u011fer m\u00fc\u015fterilerimizin hizmetindeyiz kaliteli asla tesad\u00fcf de\u011fildir<\/p>\r\n<h3 style=\"text-align: center;\">hizmet verdimiz b\u00f6lgeler<\/h3>\r\n<p style=\"text-align: center;\">m\u00fc\u015fterilerimizle s\u00f6zle\u015fme yap\u0131p konu\u015fdugumuz saatde ve yap\u0131lan i\u015f\u00e7ilik<\/p>\r\n<p style=\"text-align: center;\">hakk\u0131nda \u00f6n bilgi verip mobilya ve koltuk tak\u0131m\u0131 , yatak odas\u0131n\u0131 ,cocuk odan\u0131z\u0131, yemek odan\u0131z\u0131 ve duvar \u00fcnitesi fortmanto s\u00f6k\u00fcp ampalaj\u0131 yap\u0131l\u0131r<\/p>\r\n<p style=\"text-align: center;\">beyaz e\u015fyalar\u0131n\u0131z\u0131da s\u00f6k\u00fcp ambalaj\u0131n\u0131z\u0131da yap\u0131p gideceyi yere g\u00f6t\u00fcr\u00fcp ta\u015f\u0131p montaj\u0131n\u0131 yap\u0131p tertemiz bir \u015fekilde yap\u0131p siz de\u011ferli m\u00fc\u015fterilerimize teslim etmekdir.<\/p>\r\n<p>\u00dcMRAN\u0130YE EVDEN EVE NAKL\u0130YAT-\u00dcMRAN\u0130YE NAKL\u0130YAT-\u00dcMRAN\u0130YE TA\u015eIMACILIK-\u00dcMRAN\u0130YE NAKL\u0130YAT \u015e\u0130RKET\u0130-\u00dcMRAN\u0130YE NAKL\u0130YAT F\u0130RMASI- \u00dcMRAN\u0130YE NAKL\u0130YAT H\u0130ZMET\u0130-\u00dcMRAN\u0130YE NAKL\u0130YAT YAPANLAR -\u00dcMRAN\u0130YE TU\u011eRUL NAKL\u0130YATADEM EVDEN EVE NAKL\u0130YAT<\/p>\r\n<ul class=\"wp-block-list\">\r\n<li>ALTIN\u015eEH\u0130R EVDEN EVE TA\u015eIMACILIK<\/li>\r\n<li>ARMA\u011eANEVLER EVDEN EVE NAKL\u0130YEC\u0130<\/li>\r\n<li>A\u015eA\u011eI DUDULLU EVDEN EVE NAKL\u0130YAT \u015e\u0130RKET\u0130<\/li>\r\n<li>ATAKENT EVDEN EVE NAKL\u0130YAT TA\u015eITTIR<\/li>\r\n<li>CEM\u0130L MER\u0130\u00c7 EVDEN EVE NAKL\u0130YAT<\/li>\r\n<li>\u00c7AKMAK EVDEN EVE NAKL\u0130YAT<\/li>\r\n<li>\u00c7AMLIK EVDEN EVE TA\u015eIMACILI<\/li>\r\n<li>DUDULLU EVDEN EVE NAKL\u0130YAT F\u0130YATLARI<\/li>\r\n<li>DUMLUPINAR EVDEN EVE NAKL\u0130YAT<\/li>\r\n<li>ELMALIKENT EVDEN EVE TA\u015eIMACILIK<\/li>\r\n<li>ESENEVLER NAKL\u0130YAT F\u0130YATLARI<\/li>\r\n<li>ESENKENT NAKL\u0130YAT F\u0130RMAS\u0130<\/li>\r\n<li>ESEN\u015eEH\u0130R NAKL\u0130YAT \u00dc\u00c7RETLER\u0130<\/li>\r\n<li>FAT\u0130H SULTAN NAKL\u0130YAT H\u0130ZMET\u0130<\/li>\r\n<li>F\u0130NANSKENT NAKL\u0130YAT TA\u015eIMACILIK<\/li>\r\n<li>HEK\u0130MBA\u015eI V\u0130LLA TA\u015eIMACILIK<\/li>\r\n<li>HUZUR YAZLIK TA\u015eIMACILIK<\/li>\r\n<li>IHLAMURKUYU NAKL\u0130YAT<\/li>\r\n<li>\u0130NKILAP NAKL\u0130YAT<\/li>\r\n<li>\u0130ST\u0130KLAL EVDEN EVE NAKL\u0130YAT<\/li>\r\n<li>KAZIM KARABEK\u0130R EVDEN EVE NAKL\u0130YAT<\/li>\r\n<li>MADENLER NAKL\u0130YAT<\/li>\r\n<li>MEHMET AK\u0130F TA\u015eIMACILIK<\/li>\r\n<li>NAMIK KEMAL NAKL\u0130YAT<\/li>\r\n<li>NEC\u0130P FAZIL EVDEN EVE NAKL\u0130YAT<\/li>\r\n<li>PARSELLER NAKL\u0130YAT<\/li>\r\n<li>SARAY EVDEN EVE NAKL\u0130YAT<\/li>\r\n<li>S\u0130TE EVDEN EVE TA\u015eIMACILIK<\/li>\r\n<li>\u015eER\u0130FAL\u0130 TU\u011eRUL NAKL\u0130YAT<\/li>\r\n<li>TANTAV\u0130 NAKL\u0130YEC\u0130LER<\/li>\r\n<li>TATLISU NAKL\u0130YE YAPANLAR<\/li>\r\n<li>TEPE\u00dcST\u00dc NAKL\u0130YE F\u0130YATLARI<\/li>\r\n<li>TOPA\u011eACI UYGUN NAKL\u0130YAT<\/li>\r\n<li>YAMANEVLER UYGUN TA\u015eIMACILIK<\/li>\r\n<li>YEN\u0130\u015eEH\u0130R UYGUN TA\u015eITTIR<\/li>\r\n<li>YUKARI DUDULLU UYGUN NAKL\u0130YAT<\/li>\r\n<\/ul>\r\n","protected":false},"excerpt":{"rendered":"<p>\u00fcmraniye evden eve nakliyat \u00fcmraniye evden eve nakliyat (0532) 566 86 65 M\u00fc\u015fteri memnuniyetinden sorumluluk ta\u015f\u0131d\u0131m\u0131z i\u00e7in bu i\u015fi ge\u00e7i\u00e7i de\u011fil kal\u0131c\u0131 d\u00fc\u015f\u00fcnd\u00fcm\u00fcz i\u00e7in verdimiz s\u00f6z konu\u015fdugumuz kelimeyi yeride gedirmekden memnunuz nakliyat olarak m\u00fc\u015fterilerimizle s\u00f6zle\u015fme yap\u0131p konu\u015fdugumuz saatde ve yap\u0131lan i\u015f\u00e7ilik hakk\u0131nda \u00f6n bilgi verip mobilya ve koltuk tak\u0131m\u0131 , yatak odas\u0131n\u0131 ,cocuk odan\u0131z\u0131, yemek&hellip; <br \/> <a class=\"read-more\" href=\"https:\/\/www.tugrulevdenevenakliyat.com\/index.php\/umraniye-evden-eve-nakliyat\/\">Devam\u0131<\/a><\/p>\n","protected":false},"author":1,"featured_media":399,"parent":0,"menu_order":0,"comment_status":"closed","ping_status":"closed","template":"","meta":{"_bbp_topic_count":0,"_bbp_reply_count":0,"_bbp_total_topic_count":0,"_bbp_total_reply_count":0,"_bbp_voice_count":0,"_bbp_anonymous_reply_count":0,"_bbp_topic_count_hidden":0,"_bbp_reply_count_hidden":0,"_bbp_forum_subforum_count":0,"footnotes":""},"class_list":["post-243","page","type-page","status-publish","has-post-thumbnail","hentry"],"yoast_head":"<!-- This site is optimized with the Yoast SEO plugin v27.3 - https:\/\/yoast.com\/product\/yoast-seo-wordpress\/ -->\n<title>\u00dcMRAN\u0130YE EVDEN EVE NAKL\u0130YAT - Tu\u011frul Nakliyat<\/title>\n<meta name=\"description\" content=\"\u00fcmraniye evden eve nakliyat 7\/ 24 ileti\u015fim hatt\u0131m\u0131zdan bize g\u00fcn\u00fcn her saati ula\u015fabilirsiniz. (0532) 566 86 65 ve (0537) 293 96 82\" \/>\n<meta name=\"robots\" content=\"index, follow, max-snippet:-1, max-image-preview:large, max-video-preview:-1\" \/>\n<link rel=\"canonical\" href=\"http:\/\/www.tugrulevdenevenakliyat.com\/index.php\/umraniye-evden-eve-nakliyat\/\" \/>\n<meta property=\"og:locale\" content=\"tr_TR\" \/>\n<meta property=\"og:type\" content=\"article\" \/>\n<meta property=\"og:title\" content=\"\u00dcMRAN\u0130YE EVDEN EVE NAKL\u0130YAT - Tu\u011frul Nakliyat\" \/>\n<meta property=\"og:description\" content=\"\u00fcmraniye evden eve nakliyat 7\/ 24 ileti\u015fim hatt\u0131m\u0131zdan bize g\u00fcn\u00fcn her saati ula\u015fabilirsiniz. (0532) 566 86 65 ve (0537) 293 96 82\" \/>\n<meta property=\"og:url\" content=\"http:\/\/www.tugrulevdenevenakliyat.com\/index.php\/umraniye-evden-eve-nakliyat\/\" \/>\n<meta property=\"og:site_name\" content=\"Tu\u011frul Nakliyat\" \/>\n<meta property=\"article:publisher\" content=\"https:\/\/www.facebook.com\/tugrul.can.39589149\" \/>\n<meta property=\"article:modified_time\" content=\"2019-12-29T17:11:51+00:00\" \/>\n<meta property=\"og:image\" content=\"http:\/\/www.tugrulevdenevenakliyat.com\/wp-content\/uploads\/2019\/10\/60305223_1748224278614487_471062662881476608_n.jpg\" \/>\n\t<meta property=\"og:image:width\" content=\"1200\" \/>\n\t<meta property=\"og:image:height\" content=\"675\" \/>\n\t<meta property=\"og:image:type\" content=\"image\/jpeg\" \/>\n<meta name=\"twitter:card\" content=\"summary_large_image\" \/>\n<meta name=\"twitter:site\" content=\"@TURGUT16176391\" \/>\n<meta name=\"twitter:label1\" content=\"Tahmini okuma s\u00fcresi\" \/>\n\t<meta name=\"twitter:data1\" content=\"3 dakika\" \/>\n<script type=\"application\/ld+json\" class=\"yoast-schema-graph\">{\"@context\":\"https:\\\/\\\/schema.org\",\"@graph\":[{\"@type\":\"WebPage\",\"@id\":\"http:\\\/\\\/www.tugrulevdenevenakliyat.com\\\/index.php\\\/umraniye-evden-eve-nakliyat\\\/\",\"url\":\"http:\\\/\\\/www.tugrulevdenevenakliyat.com\\\/index.php\\\/umraniye-evden-eve-nakliyat\\\/\",\"name\":\"\u00dcMRAN\u0130YE EVDEN EVE NAKL\u0130YAT - Tu\u011frul Nakliyat\",\"isPartOf\":{\"@id\":\"http:\\\/\\\/www.tugrulevdenevenakliyat.com\\\/#website\"},\"primaryImageOfPage\":{\"@id\":\"http:\\\/\\\/www.tugrulevdenevenakliyat.com\\\/index.php\\\/umraniye-evden-eve-nakliyat\\\/#primaryimage\"},\"image\":{\"@id\":\"http:\\\/\\\/www.tugrulevdenevenakliyat.com\\\/index.php\\\/umraniye-evden-eve-nakliyat\\\/#primaryimage\"},\"thumbnailUrl\":\"https:\\\/\\\/www.tugrulevdenevenakliyat.com\\\/wp-content\\\/uploads\\\/2019\\\/10\\\/60305223_1748224278614487_471062662881476608_n.jpg\",\"datePublished\":\"2019-08-01T16:44:41+00:00\",\"dateModified\":\"2019-12-29T17:11:51+00:00\",\"description\":\"\u00fcmraniye evden eve nakliyat 7\\\/ 24 ileti\u015fim hatt\u0131m\u0131zdan bize g\u00fcn\u00fcn her saati ula\u015fabilirsiniz. (0532) 566 86 65 ve (0537) 293 96 82\",\"breadcrumb\":{\"@id\":\"http:\\\/\\\/www.tugrulevdenevenakliyat.com\\\/index.php\\\/umraniye-evden-eve-nakliyat\\\/#breadcrumb\"},\"inLanguage\":\"tr\",\"potentialAction\":[{\"@type\":\"ReadAction\",\"target\":[\"http:\\\/\\\/www.tugrulevdenevenakliyat.com\\\/index.php\\\/umraniye-evden-eve-nakliyat\\\/\"]}]},{\"@type\":\"ImageObject\",\"inLanguage\":\"tr\",\"@id\":\"http:\\\/\\\/www.tugrulevdenevenakliyat.com\\\/index.php\\\/umraniye-evden-eve-nakliyat\\\/#primaryimage\",\"url\":\"https:\\\/\\\/www.tugrulevdenevenakliyat.com\\\/wp-content\\\/uploads\\\/2019\\\/10\\\/60305223_1748224278614487_471062662881476608_n.jpg\",\"contentUrl\":\"https:\\\/\\\/www.tugrulevdenevenakliyat.com\\\/wp-content\\\/uploads\\\/2019\\\/10\\\/60305223_1748224278614487_471062662881476608_n.jpg\",\"width\":1200,\"height\":675,\"caption\":\"\u00fcmraniye evden eve nakliyat\"},{\"@type\":\"BreadcrumbList\",\"@id\":\"http:\\\/\\\/www.tugrulevdenevenakliyat.com\\\/index.php\\\/umraniye-evden-eve-nakliyat\\\/#breadcrumb\",\"itemListElement\":[{\"@type\":\"ListItem\",\"position\":1,\"name\":\"Ana sayfa\",\"item\":\"http:\\\/\\\/www.tugrulevdenevenakliyat.com\\\/\"},{\"@type\":\"ListItem\",\"position\":2,\"name\":\"\u00dcMRAN\u0130YE EVDEN EVE NAKL\u0130YAT\"}]},{\"@type\":\"WebSite\",\"@id\":\"http:\\\/\\\/www.tugrulevdenevenakliyat.com\\\/#website\",\"url\":\"http:\\\/\\\/www.tugrulevdenevenakliyat.com\\\/\",\"name\":\"http:\\\/\\\/www.tugrulevdenevenakliyat.com\\\/\",\"description\":\"t&uuml;rkiye geneline evden eve nakliyat\",\"publisher\":{\"@id\":\"http:\\\/\\\/www.tugrulevdenevenakliyat.com\\\/#organization\"},\"potentialAction\":[{\"@type\":\"SearchAction\",\"target\":{\"@type\":\"EntryPoint\",\"urlTemplate\":\"http:\\\/\\\/www.tugrulevdenevenakliyat.com\\\/?s={search_term_string}\"},\"query-input\":{\"@type\":\"PropertyValueSpecification\",\"valueRequired\":true,\"valueName\":\"search_term_string\"}}],\"inLanguage\":\"tr\"},{\"@type\":\"Organization\",\"@id\":\"http:\\\/\\\/www.tugrulevdenevenakliyat.com\\\/#organization\",\"name\":\"tu\u011frulcan bak\u0131rc\u0131\",\"url\":\"http:\\\/\\\/www.tugrulevdenevenakliyat.com\\\/\",\"logo\":{\"@type\":\"ImageObject\",\"inLanguage\":\"tr\",\"@id\":\"http:\\\/\\\/www.tugrulevdenevenakliyat.com\\\/#\\\/schema\\\/logo\\\/image\\\/\",\"url\":\"http:\\\/\\\/www.tugrulevdenevenakliyat.com\\\/wp-content\\\/uploads\\\/2019\\\/12\\\/45249907_1056901127822562_5718244570844626944_n.jpg\",\"contentUrl\":\"http:\\\/\\\/www.tugrulevdenevenakliyat.com\\\/wp-content\\\/uploads\\\/2019\\\/12\\\/45249907_1056901127822562_5718244570844626944_n.jpg\",\"width\":720,\"height\":960,\"caption\":\"tu\u011frulcan bak\u0131rc\u0131\"},\"image\":{\"@id\":\"http:\\\/\\\/www.tugrulevdenevenakliyat.com\\\/#\\\/schema\\\/logo\\\/image\\\/\"},\"sameAs\":[\"https:\\\/\\\/www.facebook.com\\\/tugrul.can.39589149\",\"https:\\\/\\\/x.com\\\/TURGUT16176391\",\"https:\\\/\\\/intagram.com\\\/tugrulnakliyatt\",\"https:\\\/\\\/www.linkedin.com\\\/in\\\/salim-bakirci-9b838915b\\\/\",\"https:\\\/\\\/tr.pinterest.com\\\/bakrcturgut\\\/pins\\\/\"]}]}<\/script>\n<!-- \/ Yoast SEO plugin. -->","yoast_head_json":{"title":"\u00dcMRAN\u0130YE EVDEN EVE NAKL\u0130YAT - Tu\u011frul Nakliyat","description":"\u00fcmraniye evden eve nakliyat 7\/ 24 ileti\u015fim hatt\u0131m\u0131zdan bize g\u00fcn\u00fcn her saati ula\u015fabilirsiniz. (0532) 566 86 65 ve (0537) 293 96 82","robots":{"index":"index","follow":"follow","max-snippet":"max-snippet:-1","max-image-preview":"max-image-preview:large","max-video-preview":"max-video-preview:-1"},"canonical":"http:\/\/www.tugrulevdenevenakliyat.com\/index.php\/umraniye-evden-eve-nakliyat\/","og_locale":"tr_TR","og_type":"article","og_title":"\u00dcMRAN\u0130YE EVDEN EVE NAKL\u0130YAT - Tu\u011frul Nakliyat","og_description":"\u00fcmraniye evden eve nakliyat 7\/ 24 ileti\u015fim hatt\u0131m\u0131zdan bize g\u00fcn\u00fcn her saati ula\u015fabilirsiniz. (0532) 566 86 65 ve (0537) 293 96 82","og_url":"http:\/\/www.tugrulevdenevenakliyat.com\/index.php\/umraniye-evden-eve-nakliyat\/","og_site_name":"Tu\u011frul Nakliyat","article_publisher":"https:\/\/www.facebook.com\/tugrul.can.39589149","article_modified_time":"2019-12-29T17:11:51+00:00","og_image":[{"width":1200,"height":675,"url":"http:\/\/www.tugrulevdenevenakliyat.com\/wp-content\/uploads\/2019\/10\/60305223_1748224278614487_471062662881476608_n.jpg","type":"image\/jpeg"}],"twitter_card":"summary_large_image","twitter_site":"@TURGUT16176391","twitter_misc":{"Tahmini okuma s\u00fcresi":"3 dakika"},"schema":{"@context":"https:\/\/schema.org","@graph":[{"@type":"WebPage","@id":"http:\/\/www.tugrulevdenevenakliyat.com\/index.php\/umraniye-evden-eve-nakliyat\/","url":"http:\/\/www.tugrulevdenevenakliyat.com\/index.php\/umraniye-evden-eve-nakliyat\/","name":"\u00dcMRAN\u0130YE EVDEN EVE NAKL\u0130YAT - Tu\u011frul Nakliyat","isPartOf":{"@id":"http:\/\/www.tugrulevdenevenakliyat.com\/#website"},"primaryImageOfPage":{"@id":"http:\/\/www.tugrulevdenevenakliyat.com\/index.php\/umraniye-evden-eve-nakliyat\/#primaryimage"},"image":{"@id":"http:\/\/www.tugrulevdenevenakliyat.com\/index.php\/umraniye-evden-eve-nakliyat\/#primaryimage"},"thumbnailUrl":"https:\/\/www.tugrulevdenevenakliyat.com\/wp-content\/uploads\/2019\/10\/60305223_1748224278614487_471062662881476608_n.jpg","datePublished":"2019-08-01T16:44:41+00:00","dateModified":"2019-12-29T17:11:51+00:00","description":"\u00fcmraniye evden eve nakliyat 7\/ 24 ileti\u015fim hatt\u0131m\u0131zdan bize g\u00fcn\u00fcn her saati ula\u015fabilirsiniz. (0532) 566 86 65 ve (0537) 293 96 82","breadcrumb":{"@id":"http:\/\/www.tugrulevdenevenakliyat.com\/index.php\/umraniye-evden-eve-nakliyat\/#breadcrumb"},"inLanguage":"tr","potentialAction":[{"@type":"ReadAction","target":["http:\/\/www.tugrulevdenevenakliyat.com\/index.php\/umraniye-evden-eve-nakliyat\/"]}]},{"@type":"ImageObject","inLanguage":"tr","@id":"http:\/\/www.tugrulevdenevenakliyat.com\/index.php\/umraniye-evden-eve-nakliyat\/#primaryimage","url":"https:\/\/www.tugrulevdenevenakliyat.com\/wp-content\/uploads\/2019\/10\/60305223_1748224278614487_471062662881476608_n.jpg","contentUrl":"https:\/\/www.tugrulevdenevenakliyat.com\/wp-content\/uploads\/2019\/10\/60305223_1748224278614487_471062662881476608_n.jpg","width":1200,"height":675,"caption":"\u00fcmraniye evden eve nakliyat"},{"@type":"BreadcrumbList","@id":"http:\/\/www.tugrulevdenevenakliyat.com\/index.php\/umraniye-evden-eve-nakliyat\/#breadcrumb","itemListElement":[{"@type":"ListItem","position":1,"name":"Ana sayfa","item":"http:\/\/www.tugrulevdenevenakliyat.com\/"},{"@type":"ListItem","position":2,"name":"\u00dcMRAN\u0130YE EVDEN EVE NAKL\u0130YAT"}]},{"@type":"WebSite","@id":"http:\/\/www.tugrulevdenevenakliyat.com\/#website","url":"http:\/\/www.tugrulevdenevenakliyat.com\/","name":"http:\/\/www.tugrulevdenevenakliyat.com\/","description":"t&uuml;rkiye geneline evden eve nakliyat","publisher":{"@id":"http:\/\/www.tugrulevdenevenakliyat.com\/#organization"},"potentialAction":[{"@type":"SearchAction","target":{"@type":"EntryPoint","urlTemplate":"http:\/\/www.tugrulevdenevenakliyat.com\/?s={search_term_string}"},"query-input":{"@type":"PropertyValueSpecification","valueRequired":true,"valueName":"search_term_string"}}],"inLanguage":"tr"},{"@type":"Organization","@id":"http:\/\/www.tugrulevdenevenakliyat.com\/#organization","name":"tu\u011frulcan bak\u0131rc\u0131","url":"http:\/\/www.tugrulevdenevenakliyat.com\/","logo":{"@type":"ImageObject","inLanguage":"tr","@id":"http:\/\/www.tugrulevdenevenakliyat.com\/#\/schema\/logo\/image\/","url":"http:\/\/www.tugrulevdenevenakliyat.com\/wp-content\/uploads\/2019\/12\/45249907_1056901127822562_5718244570844626944_n.jpg","contentUrl":"http:\/\/www.tugrulevdenevenakliyat.com\/wp-content\/uploads\/2019\/12\/45249907_1056901127822562_5718244570844626944_n.jpg","width":720,"height":960,"caption":"tu\u011frulcan bak\u0131rc\u0131"},"image":{"@id":"http:\/\/www.tugrulevdenevenakliyat.com\/#\/schema\/logo\/image\/"},"sameAs":["https:\/\/www.facebook.com\/tugrul.can.39589149","https:\/\/x.com\/TURGUT16176391","https:\/\/intagram.com\/tugrulnakliyatt","https:\/\/www.linkedin.com\/in\/salim-bakirci-9b838915b\/","https:\/\/tr.pinterest.com\/bakrcturgut\/pins\/"]}]}},"_links":{"self":[{"href":"https:\/\/www.tugrulevdenevenakliyat.com\/index.php\/wp-json\/wp\/v2\/pages\/243","targetHints":{"allow":["GET"]}}],"collection":[{"href":"https:\/\/www.tugrulevdenevenakliyat.com\/index.php\/wp-json\/wp\/v2\/pages"}],"about":[{"href":"https:\/\/www.tugrulevdenevenakliyat.com\/index.php\/wp-json\/wp\/v2\/types\/page"}],"author":[{"embeddable":true,"href":"https:\/\/www.tugrulevdenevenakliyat.com\/index.php\/wp-json\/wp\/v2\/users\/1"}],"replies":[{"embeddable":true,"href":"https:\/\/www.tugrulevdenevenakliyat.com\/index.php\/wp-json\/wp\/v2\/comments?post=243"}],"version-history":[{"count":5,"href":"https:\/\/www.tugrulevdenevenakliyat.com\/index.php\/wp-json\/wp\/v2\/pages\/243\/revisions"}],"predecessor-version":[{"id":665,"href":"https:\/\/www.tugrulevdenevenakliyat.com\/index.php\/wp-json\/wp\/v2\/pages\/243\/revisions\/665"}],"wp:featuredmedia":[{"embeddable":true,"href":"https:\/\/www.tugrulevdenevenakliyat.com\/index.php\/wp-json\/wp\/v2\/media\/399"}],"wp:attachment":[{"href":"https:\/\/www.tugrulevdenevenakliyat.com\/index.php\/wp-json\/wp\/v2\/media?parent=243"}],"curies":[{"name":"wp","href":"https:\/\/api.w.org\/{rel}","templated":true}]}}