{"id":686,"date":"2020-01-01T16:21:38","date_gmt":"2020-01-01T16:21:38","guid":{"rendered":"http:\/\/www.tugrulevdenevenakliyat.com\/?page_id=686"},"modified":"2020-01-01T16:21:38","modified_gmt":"2020-01-01T16:21:38","slug":"unye-cakirtepe-nakliyat","status":"publish","type":"page","link":"https:\/\/www.tugrulevdenevenakliyat.com\/index.php\/unye-cakirtepe-nakliyat\/","title":{"rendered":"\u00fcnye \u00e7ak\u0131rtepe nakliyat"},"content":{"rendered":"<h1 style=\"text-align: center;\"><strong>\u00fcnye \u00e7ak\u0131rtepe Nakliyat<\/strong><\/h1>\n<p style=\"text-align: center;\">\u00e7ak\u0131rtepe nakliyat<\/p>\n<p style=\"text-align: center;\">0532 566 86 65<\/p>\n<p style=\"text-align: center;\">\u00a0Sizlere daha iyi hizmet vere bilmek i\u00e7in \u00e7al\u0131\u015f\u0131yoruz.<\/p>\n<p style=\"text-align: center;\">T\u00fcrkiye geneline hizmet vermekte sunuyoruz e\u015fyalar\u0131n\u0131z\u0131 g\u00fcvenli \u015fekilde ta\u015f\u0131y\u0131p kurmas\u0131n\u0131 ekiplerimiz \u00f6zenle itinayla yapmaktad\u0131rlar e\u015fyalar\u0131n\u0131z patpat laylonla sar\u0131l\u0131p battaniyeyle \u00f6zenle muhafaza ediyoruz.<\/p>\n<p style=\"text-align: center;\">Sizlerin g\u00fcvenilini sa\u011flamaya \u00e7al\u0131\u015f\u0131yoruz Tu\u011frul nakliyat olarak.<\/p>\n<p style=\"text-align: center;\">Hizmetde s\u0131n\u0131r yoktur.<br \/>\nM\u00fc\u015fteri memnuniyetinden sorumluluk ta\u015f\u0131d\u0131m\u0131z i\u00e7in bu i\u015fi ge\u00e7i\u00e7i de\u011fil kal\u0131c\u0131 d\u00fc\u015f\u00fcnd\u00fcm\u00fcz i\u00e7in verdimiz s\u00f6z konu\u015fdugumuz kelimeyi yeride gedirmekden memnunuz<br \/>\nm\u00fc\u015fterilerimizle s\u00f6zle\u015fme yap\u0131p konu\u015fdugumuz saatde ve yap\u0131lan i\u015f\u00e7ilik hakk\u0131nda \u00f6n bilgi verip mobilya ve koltuk tak\u0131m\u0131 , yatak odas\u0131n\u0131 ,cocuk odan\u0131z\u0131, yemek odan\u0131z\u0131 ve duvar \u00fcnitesi fortmanto s\u00f6k\u00fcp ampalaj\u0131 yap\u0131l\u0131r<\/p>\n<p style=\"text-align: center;\">beyaz e\u015fyalar\u0131n\u0131z\u0131da s\u00f6k\u00fcp ambalaj\u0131n\u0131z\u0131da yap\u0131p gideceyi yere g\u00f6t\u00fcr\u00fcp ta\u015f\u0131p montaj\u0131n\u0131 yap\u0131p tertemiz bir \u015fekilde yap\u0131p siz de\u011ferli m\u00fc\u015fterilerimize teslim etmekdir.<br \/>\nNakliye mobilya montaj \u015fehir i\u00e7i ve \u015fehirler aras\u0131 nakliye montaj garantili sigortal\u0131 ta\u015f\u0131mac\u0131l\u0131k m\u00fc\u015fteri memnuniyeti \u00f6n planda olup siz sayg\u0131 de\u011fer m\u00fc\u015fterilerimizin hizmetindeyiz kaliteli asla tesad\u00fcf de\u011fildir.<\/p>\n<h2 style=\"text-align: center;\">\u00e7ak\u0131rtepe ta\u015f\u0131mac\u0131l\u0131k<\/h2>\n<div id=\"attachment_621\" class=\"wp-caption aligncenter\" style=\"text-align: center;\">\n<div id=\"attachment_621\" style=\"width: 310px\" class=\"wp-caption aligncenter\"><img loading=\"lazy\" decoding=\"async\" aria-describedby=\"caption-attachment-621\" class=\"wp-image-621 size-medium\" src=\"http:\/\/www.tugrulevdenevenakliyat.com\/wp-content\/uploads\/2019\/12\/60305223_1748224278614487_471062662881476608_n-300x169.jpg\" sizes=\"auto, (max-width: 300px) 100vw, 300px\" srcset=\"http:\/\/www.tugrulevdenevenakliyat.com\/wp-content\/uploads\/2019\/12\/60305223_1748224278614487_471062662881476608_n-300x169.jpg 300w, http:\/\/www.tugrulevdenevenakliyat.com\/wp-content\/uploads\/2019\/12\/60305223_1748224278614487_471062662881476608_n-1024x576.jpg 1024w, http:\/\/www.tugrulevdenevenakliyat.com\/wp-content\/uploads\/2019\/12\/60305223_1748224278614487_471062662881476608_n-768x432.jpg 768w, http:\/\/www.tugrulevdenevenakliyat.com\/wp-content\/uploads\/2019\/12\/60305223_1748224278614487_471062662881476608_n.jpg 1200w\" alt=\"\u00fcnye \u00e7ak\u0131rtepe nakliyat\" width=\"300\" height=\"169\" aria-describedby=\"caption-attachment-621\" \/><p id=\"caption-attachment-621\" class=\"wp-caption-text\">\u00fcnye \u00e7ak\u0131rtepe nakliyat<\/p><\/div>\n<\/div>\n<p style=\"text-align: center;\">\u00a0Karadeniz Ta\u015f\u0131mac\u0131l\u0131k,Karadeniz Ev E\u015fyas\u0131 Nakliye,Karadeniz Nakliyat \u015eirketi,<\/p>\n<p style=\"text-align: center;\"><a href=\"http:\/\/www.tugrulevdenevenakliyat.com\/\">Karadeniz Nakliyat<\/a> Firmas\u0131 \u00fcnye Nakliyat Fiyatlar\u0131,Karadeniz \u0130stanbul aras\u0131 Ta\u015f\u0131mac\u0131l\u0131kz,<a href=\"http:\/\/www.tugrulevdenevenakliyat.com\/\">Karadeniz<\/a>\u00a0\u015eehirler aras\u0131 Nakliyat,Karadeniz \u015eehirler i\u00e7i nakliyat<\/p>\n<p style=\"text-align: center;\">Tu\u011frul Nakliyat 1982 y\u0131l\u0131ndan beri hizmet sunmaktay\u0131z.<\/p>\n<p style=\"text-align: center;\">M\u00fc\u015fteri memnuyetini herzaman \u00f6n planda tutan hizmet anlay\u0131\u015f\u0131m\u0131zla b\u00fcy\u00fck bir te\u00e7rubeye sahip olan bir Firmay\u0131z.<\/p>\n<p style=\"text-align: center;\">Tu\u011frul Nakliyat olarak 37 y\u0131l\u0131ndan beri kusursuz ve g\u00fcvenli,hizmet vermekdeyiz.\u015eehir i\u00e7i ve \u015fehirler aras\u0131 ve g\u00fcvenli, ta\u015f\u0131ma yapmaya devam ediyoruz.sizlerin g\u00fcvenini kazanmaya \u00e7al\u0131\u015f\u0131yoruz bizleri tercih etiniz i\u00e7in te\u015fekk\u00fcr ed<\/p>\n<h3 style=\"text-align: center;\">\u015fehirler aras\u0131 nakliyat<\/h3>\n<p style=\"text-align: center;\">olarak hizmette s\u0131n\u0131r tan\u0131m\u0131yoruz.<\/p>\n<p style=\"text-align: center;\">Te\u00e7rubeli elamanlarla \u00e7al\u0131\u015f\u0131yoruz.E\u015fyalar\u0131n\u0131z g\u00fcvenle bizlere emanet edebilirsiniz Karadeniz Nakliyat sigortal\u0131 Ta\u015f\u0131mac\u0131l\u0131k<\/p>\n<p style=\"text-align: center;\"><a href=\"https:\/\/www.facebook.com\/nakliyatt52\/\">Evden eve nakliyat<\/a> hassasiyet,\u00f6zen ve titizlik\u00a0 gerektiren hizmettir.Evden eve nakliyat \u015firketimiz uzman kadromuz h\u0131zl\u0131 ve g\u00fcvenilir ta\u015f\u0131ma hizmeti veriyoruz.<br \/>\nEvden eve nakliyat olarak A\u2019dan Z\u2019ye Tu\u011frul nakliyat \u015firketimiz \u00fcstlenir.Mobilya,beyaz e\u015fya,avize gibi e\u015fyalar\u0131 tek tek s\u00f6k\u00fcl\u00fcp ve paketlenip sonra \u00f6zenli bir \u015fekilde araca y\u00fcklenmesi ve daha sonra s\u00f6kt\u00fc\u011f\u00fcm\u00fcz t\u00fcm e\u015fyalar\u0131 ayni \u015fekilde montaj\u0131n\u0131 yap\u0131p yerine yerle\u015ftiriyoruz<\/p>\n<p style=\"text-align: center;\">B\u0130ZLERE 7\/24 SAAT ULA\u015eA B\u0130L\u0130RS\u0130N\u0130Z=( 0532) 566 86 65<\/p>\n","protected":false},"excerpt":{"rendered":"<p>\u00fcnye \u00e7ak\u0131rtepe Nakliyat \u00e7ak\u0131rtepe nakliyat 0532 566 86 65 \u00a0Sizlere daha iyi hizmet vere bilmek i\u00e7in \u00e7al\u0131\u015f\u0131yoruz. T\u00fcrkiye geneline hizmet vermekte sunuyoruz e\u015fyalar\u0131n\u0131z\u0131 g\u00fcvenli \u015fekilde ta\u015f\u0131y\u0131p kurmas\u0131n\u0131 ekiplerimiz \u00f6zenle itinayla yapmaktad\u0131rlar e\u015fyalar\u0131n\u0131z patpat laylonla sar\u0131l\u0131p battaniyeyle \u00f6zenle muhafaza ediyoruz. Sizlerin g\u00fcvenilini sa\u011flamaya \u00e7al\u0131\u015f\u0131yoruz Tu\u011frul nakliyat olarak. Hizmetde s\u0131n\u0131r yoktur. M\u00fc\u015fteri memnuniyetinden sorumluluk ta\u015f\u0131d\u0131m\u0131z i\u00e7in bu&hellip; <br \/> <a class=\"read-more\" href=\"https:\/\/www.tugrulevdenevenakliyat.com\/index.php\/unye-cakirtepe-nakliyat\/\">Devam\u0131<\/a><\/p>\n","protected":false},"author":1,"featured_media":0,"parent":0,"menu_order":0,"comment_status":"closed","ping_status":"closed","template":"","meta":{"_bbp_topic_count":0,"_bbp_reply_count":0,"_bbp_total_topic_count":0,"_bbp_total_reply_count":0,"_bbp_voice_count":0,"_bbp_anonymous_reply_count":0,"_bbp_topic_count_hidden":0,"_bbp_reply_count_hidden":0,"_bbp_forum_subforum_count":0,"footnotes":""},"class_list":["post-686","page","type-page","status-publish","hentry"],"yoast_head":"<!-- This site is optimized with the Yoast SEO plugin v27.3 - https:\/\/yoast.com\/product\/yoast-seo-wordpress\/ -->\n<title>\u00fcnye \u00e7ak\u0131rtepe nakliyat - \u015fehiri\u00e7i ve \u015fehirler aras\u0131 nakliyat<\/title>\n<meta name=\"description\" content=\"\u00fcnye \u00e7ak\u0131rtepe nakliyat \u015fehiri\u00e7i ve \u015fehirler aras\u0131 evden eve nakliyatHizmetde s\u0131n\u0131r yoktur.M\u00fc\u015fteri memnuniyetinden sorumluluk ta\u015f\u0131d\u0131m\u0131z\" \/>\n<meta name=\"robots\" content=\"index, follow, max-snippet:-1, max-image-preview:large, max-video-preview:-1\" \/>\n<link rel=\"canonical\" href=\"http:\/\/www.tugrulevdenevenakliyat.com\/index.php\/unye-cakirtepe-nakliyat\/\" \/>\n<meta property=\"og:locale\" content=\"tr_TR\" \/>\n<meta property=\"og:type\" content=\"article\" \/>\n<meta property=\"og:title\" content=\"\u00fcnye \u00e7ak\u0131rtepe nakliyat - \u015fehiri\u00e7i ve \u015fehirler aras\u0131 nakliyat\" \/>\n<meta property=\"og:description\" content=\"\u00fcnye \u00e7ak\u0131rtepe nakliyat \u015fehiri\u00e7i ve \u015fehirler aras\u0131 evden eve nakliyatHizmetde s\u0131n\u0131r yoktur.M\u00fc\u015fteri memnuniyetinden sorumluluk ta\u015f\u0131d\u0131m\u0131z\" \/>\n<meta property=\"og:url\" content=\"http:\/\/www.tugrulevdenevenakliyat.com\/index.php\/unye-cakirtepe-nakliyat\/\" \/>\n<meta property=\"og:site_name\" content=\"Tu\u011frul Nakliyat\" \/>\n<meta property=\"article:publisher\" content=\"https:\/\/www.facebook.com\/tugrul.can.39589149\" \/>\n<meta property=\"og:image\" content=\"http:\/\/www.tugrulevdenevenakliyat.com\/wp-content\/uploads\/2019\/12\/60305223_1748224278614487_471062662881476608_n-300x169.jpg\" \/>\n<meta name=\"twitter:card\" content=\"summary_large_image\" \/>\n<meta name=\"twitter:site\" content=\"@TURGUT16176391\" \/>\n<meta name=\"twitter:label1\" content=\"Tahmini okuma s\u00fcresi\" \/>\n\t<meta name=\"twitter:data1\" content=\"2 dakika\" \/>\n<script type=\"application\/ld+json\" class=\"yoast-schema-graph\">{\"@context\":\"https:\\\/\\\/schema.org\",\"@graph\":[{\"@type\":\"WebPage\",\"@id\":\"http:\\\/\\\/www.tugrulevdenevenakliyat.com\\\/index.php\\\/unye-cakirtepe-nakliyat\\\/\",\"url\":\"http:\\\/\\\/www.tugrulevdenevenakliyat.com\\\/index.php\\\/unye-cakirtepe-nakliyat\\\/\",\"name\":\"\u00fcnye \u00e7ak\u0131rtepe nakliyat - \u015fehiri\u00e7i ve \u015fehirler aras\u0131 nakliyat\",\"isPartOf\":{\"@id\":\"http:\\\/\\\/www.tugrulevdenevenakliyat.com\\\/#website\"},\"primaryImageOfPage\":{\"@id\":\"http:\\\/\\\/www.tugrulevdenevenakliyat.com\\\/index.php\\\/unye-cakirtepe-nakliyat\\\/#primaryimage\"},\"image\":{\"@id\":\"http:\\\/\\\/www.tugrulevdenevenakliyat.com\\\/index.php\\\/unye-cakirtepe-nakliyat\\\/#primaryimage\"},\"thumbnailUrl\":\"http:\\\/\\\/www.tugrulevdenevenakliyat.com\\\/wp-content\\\/uploads\\\/2019\\\/12\\\/60305223_1748224278614487_471062662881476608_n-300x169.jpg\",\"datePublished\":\"2020-01-01T16:21:38+00:00\",\"description\":\"\u00fcnye \u00e7ak\u0131rtepe nakliyat \u015fehiri\u00e7i ve \u015fehirler aras\u0131 evden eve nakliyatHizmetde s\u0131n\u0131r yoktur.M\u00fc\u015fteri memnuniyetinden sorumluluk ta\u015f\u0131d\u0131m\u0131z\",\"breadcrumb\":{\"@id\":\"http:\\\/\\\/www.tugrulevdenevenakliyat.com\\\/index.php\\\/unye-cakirtepe-nakliyat\\\/#breadcrumb\"},\"inLanguage\":\"tr\",\"potentialAction\":[{\"@type\":\"ReadAction\",\"target\":[\"http:\\\/\\\/www.tugrulevdenevenakliyat.com\\\/index.php\\\/unye-cakirtepe-nakliyat\\\/\"]}]},{\"@type\":\"ImageObject\",\"inLanguage\":\"tr\",\"@id\":\"http:\\\/\\\/www.tugrulevdenevenakliyat.com\\\/index.php\\\/unye-cakirtepe-nakliyat\\\/#primaryimage\",\"url\":\"https:\\\/\\\/www.tugrulevdenevenakliyat.com\\\/wp-content\\\/uploads\\\/2019\\\/12\\\/60305223_1748224278614487_471062662881476608_n.jpg\",\"contentUrl\":\"https:\\\/\\\/www.tugrulevdenevenakliyat.com\\\/wp-content\\\/uploads\\\/2019\\\/12\\\/60305223_1748224278614487_471062662881476608_n.jpg\",\"width\":1200,\"height\":675,\"caption\":\"yenibosna ev e\u015fyas\u0131 ta\u015f\u0131mac\u0131l\u0131k\"},{\"@type\":\"BreadcrumbList\",\"@id\":\"http:\\\/\\\/www.tugrulevdenevenakliyat.com\\\/index.php\\\/unye-cakirtepe-nakliyat\\\/#breadcrumb\",\"itemListElement\":[{\"@type\":\"ListItem\",\"position\":1,\"name\":\"Ana sayfa\",\"item\":\"http:\\\/\\\/www.tugrulevdenevenakliyat.com\\\/\"},{\"@type\":\"ListItem\",\"position\":2,\"name\":\"\u00fcnye \u00e7ak\u0131rtepe nakliyat\"}]},{\"@type\":\"WebSite\",\"@id\":\"http:\\\/\\\/www.tugrulevdenevenakliyat.com\\\/#website\",\"url\":\"http:\\\/\\\/www.tugrulevdenevenakliyat.com\\\/\",\"name\":\"http:\\\/\\\/www.tugrulevdenevenakliyat.com\\\/\",\"description\":\"t&uuml;rkiye geneline evden eve nakliyat\",\"publisher\":{\"@id\":\"http:\\\/\\\/www.tugrulevdenevenakliyat.com\\\/#organization\"},\"potentialAction\":[{\"@type\":\"SearchAction\",\"target\":{\"@type\":\"EntryPoint\",\"urlTemplate\":\"http:\\\/\\\/www.tugrulevdenevenakliyat.com\\\/?s={search_term_string}\"},\"query-input\":{\"@type\":\"PropertyValueSpecification\",\"valueRequired\":true,\"valueName\":\"search_term_string\"}}],\"inLanguage\":\"tr\"},{\"@type\":\"Organization\",\"@id\":\"http:\\\/\\\/www.tugrulevdenevenakliyat.com\\\/#organization\",\"name\":\"tu\u011frulcan bak\u0131rc\u0131\",\"url\":\"http:\\\/\\\/www.tugrulevdenevenakliyat.com\\\/\",\"logo\":{\"@type\":\"ImageObject\",\"inLanguage\":\"tr\",\"@id\":\"http:\\\/\\\/www.tugrulevdenevenakliyat.com\\\/#\\\/schema\\\/logo\\\/image\\\/\",\"url\":\"http:\\\/\\\/www.tugrulevdenevenakliyat.com\\\/wp-content\\\/uploads\\\/2019\\\/12\\\/45249907_1056901127822562_5718244570844626944_n.jpg\",\"contentUrl\":\"http:\\\/\\\/www.tugrulevdenevenakliyat.com\\\/wp-content\\\/uploads\\\/2019\\\/12\\\/45249907_1056901127822562_5718244570844626944_n.jpg\",\"width\":720,\"height\":960,\"caption\":\"tu\u011frulcan bak\u0131rc\u0131\"},\"image\":{\"@id\":\"http:\\\/\\\/www.tugrulevdenevenakliyat.com\\\/#\\\/schema\\\/logo\\\/image\\\/\"},\"sameAs\":[\"https:\\\/\\\/www.facebook.com\\\/tugrul.can.39589149\",\"https:\\\/\\\/x.com\\\/TURGUT16176391\",\"https:\\\/\\\/intagram.com\\\/tugrulnakliyatt\",\"https:\\\/\\\/www.linkedin.com\\\/in\\\/salim-bakirci-9b838915b\\\/\",\"https:\\\/\\\/tr.pinterest.com\\\/bakrcturgut\\\/pins\\\/\"]}]}<\/script>\n<!-- \/ Yoast SEO plugin. -->","yoast_head_json":{"title":"\u00fcnye \u00e7ak\u0131rtepe nakliyat - \u015fehiri\u00e7i ve \u015fehirler aras\u0131 nakliyat","description":"\u00fcnye \u00e7ak\u0131rtepe nakliyat \u015fehiri\u00e7i ve \u015fehirler aras\u0131 evden eve nakliyatHizmetde s\u0131n\u0131r yoktur.M\u00fc\u015fteri memnuniyetinden sorumluluk ta\u015f\u0131d\u0131m\u0131z","robots":{"index":"index","follow":"follow","max-snippet":"max-snippet:-1","max-image-preview":"max-image-preview:large","max-video-preview":"max-video-preview:-1"},"canonical":"http:\/\/www.tugrulevdenevenakliyat.com\/index.php\/unye-cakirtepe-nakliyat\/","og_locale":"tr_TR","og_type":"article","og_title":"\u00fcnye \u00e7ak\u0131rtepe nakliyat - \u015fehiri\u00e7i ve \u015fehirler aras\u0131 nakliyat","og_description":"\u00fcnye \u00e7ak\u0131rtepe nakliyat \u015fehiri\u00e7i ve \u015fehirler aras\u0131 evden eve nakliyatHizmetde s\u0131n\u0131r yoktur.M\u00fc\u015fteri memnuniyetinden sorumluluk ta\u015f\u0131d\u0131m\u0131z","og_url":"http:\/\/www.tugrulevdenevenakliyat.com\/index.php\/unye-cakirtepe-nakliyat\/","og_site_name":"Tu\u011frul Nakliyat","article_publisher":"https:\/\/www.facebook.com\/tugrul.can.39589149","og_image":[{"url":"http:\/\/www.tugrulevdenevenakliyat.com\/wp-content\/uploads\/2019\/12\/60305223_1748224278614487_471062662881476608_n-300x169.jpg","type":"","width":"","height":""}],"twitter_card":"summary_large_image","twitter_site":"@TURGUT16176391","twitter_misc":{"Tahmini okuma s\u00fcresi":"2 dakika"},"schema":{"@context":"https:\/\/schema.org","@graph":[{"@type":"WebPage","@id":"http:\/\/www.tugrulevdenevenakliyat.com\/index.php\/unye-cakirtepe-nakliyat\/","url":"http:\/\/www.tugrulevdenevenakliyat.com\/index.php\/unye-cakirtepe-nakliyat\/","name":"\u00fcnye \u00e7ak\u0131rtepe nakliyat - \u015fehiri\u00e7i ve \u015fehirler aras\u0131 nakliyat","isPartOf":{"@id":"http:\/\/www.tugrulevdenevenakliyat.com\/#website"},"primaryImageOfPage":{"@id":"http:\/\/www.tugrulevdenevenakliyat.com\/index.php\/unye-cakirtepe-nakliyat\/#primaryimage"},"image":{"@id":"http:\/\/www.tugrulevdenevenakliyat.com\/index.php\/unye-cakirtepe-nakliyat\/#primaryimage"},"thumbnailUrl":"http:\/\/www.tugrulevdenevenakliyat.com\/wp-content\/uploads\/2019\/12\/60305223_1748224278614487_471062662881476608_n-300x169.jpg","datePublished":"2020-01-01T16:21:38+00:00","description":"\u00fcnye \u00e7ak\u0131rtepe nakliyat \u015fehiri\u00e7i ve \u015fehirler aras\u0131 evden eve nakliyatHizmetde s\u0131n\u0131r yoktur.M\u00fc\u015fteri memnuniyetinden sorumluluk ta\u015f\u0131d\u0131m\u0131z","breadcrumb":{"@id":"http:\/\/www.tugrulevdenevenakliyat.com\/index.php\/unye-cakirtepe-nakliyat\/#breadcrumb"},"inLanguage":"tr","potentialAction":[{"@type":"ReadAction","target":["http:\/\/www.tugrulevdenevenakliyat.com\/index.php\/unye-cakirtepe-nakliyat\/"]}]},{"@type":"ImageObject","inLanguage":"tr","@id":"http:\/\/www.tugrulevdenevenakliyat.com\/index.php\/unye-cakirtepe-nakliyat\/#primaryimage","url":"https:\/\/www.tugrulevdenevenakliyat.com\/wp-content\/uploads\/2019\/12\/60305223_1748224278614487_471062662881476608_n.jpg","contentUrl":"https:\/\/www.tugrulevdenevenakliyat.com\/wp-content\/uploads\/2019\/12\/60305223_1748224278614487_471062662881476608_n.jpg","width":1200,"height":675,"caption":"yenibosna ev e\u015fyas\u0131 ta\u015f\u0131mac\u0131l\u0131k"},{"@type":"BreadcrumbList","@id":"http:\/\/www.tugrulevdenevenakliyat.com\/index.php\/unye-cakirtepe-nakliyat\/#breadcrumb","itemListElement":[{"@type":"ListItem","position":1,"name":"Ana sayfa","item":"http:\/\/www.tugrulevdenevenakliyat.com\/"},{"@type":"ListItem","position":2,"name":"\u00fcnye \u00e7ak\u0131rtepe nakliyat"}]},{"@type":"WebSite","@id":"http:\/\/www.tugrulevdenevenakliyat.com\/#website","url":"http:\/\/www.tugrulevdenevenakliyat.com\/","name":"http:\/\/www.tugrulevdenevenakliyat.com\/","description":"t&uuml;rkiye geneline evden eve nakliyat","publisher":{"@id":"http:\/\/www.tugrulevdenevenakliyat.com\/#organization"},"potentialAction":[{"@type":"SearchAction","target":{"@type":"EntryPoint","urlTemplate":"http:\/\/www.tugrulevdenevenakliyat.com\/?s={search_term_string}"},"query-input":{"@type":"PropertyValueSpecification","valueRequired":true,"valueName":"search_term_string"}}],"inLanguage":"tr"},{"@type":"Organization","@id":"http:\/\/www.tugrulevdenevenakliyat.com\/#organization","name":"tu\u011frulcan bak\u0131rc\u0131","url":"http:\/\/www.tugrulevdenevenakliyat.com\/","logo":{"@type":"ImageObject","inLanguage":"tr","@id":"http:\/\/www.tugrulevdenevenakliyat.com\/#\/schema\/logo\/image\/","url":"http:\/\/www.tugrulevdenevenakliyat.com\/wp-content\/uploads\/2019\/12\/45249907_1056901127822562_5718244570844626944_n.jpg","contentUrl":"http:\/\/www.tugrulevdenevenakliyat.com\/wp-content\/uploads\/2019\/12\/45249907_1056901127822562_5718244570844626944_n.jpg","width":720,"height":960,"caption":"tu\u011frulcan bak\u0131rc\u0131"},"image":{"@id":"http:\/\/www.tugrulevdenevenakliyat.com\/#\/schema\/logo\/image\/"},"sameAs":["https:\/\/www.facebook.com\/tugrul.can.39589149","https:\/\/x.com\/TURGUT16176391","https:\/\/intagram.com\/tugrulnakliyatt","https:\/\/www.linkedin.com\/in\/salim-bakirci-9b838915b\/","https:\/\/tr.pinterest.com\/bakrcturgut\/pins\/"]}]}},"_links":{"self":[{"href":"https:\/\/www.tugrulevdenevenakliyat.com\/index.php\/wp-json\/wp\/v2\/pages\/686","targetHints":{"allow":["GET"]}}],"collection":[{"href":"https:\/\/www.tugrulevdenevenakliyat.com\/index.php\/wp-json\/wp\/v2\/pages"}],"about":[{"href":"https:\/\/www.tugrulevdenevenakliyat.com\/index.php\/wp-json\/wp\/v2\/types\/page"}],"author":[{"embeddable":true,"href":"https:\/\/www.tugrulevdenevenakliyat.com\/index.php\/wp-json\/wp\/v2\/users\/1"}],"replies":[{"embeddable":true,"href":"https:\/\/www.tugrulevdenevenakliyat.com\/index.php\/wp-json\/wp\/v2\/comments?post=686"}],"version-history":[{"count":1,"href":"https:\/\/www.tugrulevdenevenakliyat.com\/index.php\/wp-json\/wp\/v2\/pages\/686\/revisions"}],"predecessor-version":[{"id":687,"href":"https:\/\/www.tugrulevdenevenakliyat.com\/index.php\/wp-json\/wp\/v2\/pages\/686\/revisions\/687"}],"wp:attachment":[{"href":"https:\/\/www.tugrulevdenevenakliyat.com\/index.php\/wp-json\/wp\/v2\/media?parent=686"}],"curies":[{"name":"wp","href":"https:\/\/api.w.org\/{rel}","templated":true}]}}